{"id":32314,"date":"2021-12-01T18:36:44","date_gmt":"2021-12-01T17:36:44","guid":{"rendered":"https:\/\/biodanza.be\/activite\/braine-lalleud-biodanza-hedomadaire-sarah-cornet-2-2\/"},"modified":"2022-03-23T23:06:02","modified_gmt":"2022-03-23T22:06:02","slug":"uccle-biodanza-aquatique-paule-et-thierry-automne2021","status":"publish","type":"events","link":"https:\/\/biodanza.be\/nl\/activite\/uccle-biodanza-aquatique-paule-et-thierry-automne2021\/","title":{"rendered":"<b> \u2794  Uccle<\/b><center>Biodanza Aquatique<br>(Paule et Thierry Heinemann)<\/center>"},"content":{"rendered":"<style>.entry-content a {color: #1e90ff; text-decoration: none !important;}<\/style>\r\n<h1><span style=\"color: #3366ff;\"><strong>Biodanza Aquatique \u00e0 Uccle <\/strong><\/span><br \/>\r\n<span style=\"color: #3366ff;\"><small>Avec <strong>Paule et Thierry Heinemann <\/strong><\/small><\/span><\/h1>\r\n<p><span style=\"color: #3366ff;\"><em><span class=\"\"><strong>O\u00f9?\u00a0<\/strong><br \/>\r\n<\/span><span class=\"\">La biodanza aquatique se d\u00e9roule dans<\/span><span class=\"\">\u00a0une piscine th\u00e9rapeutique au coeur de Bruxelles. L\u2019eau y est chaude pour pouvoir y trouver une exp\u00e9rience relaxante et r\u00e9g\u00e9n\u00e9rante, qui permet de soulager les \u00e9tats\u00a0de tension et de stress et ainsi stimuler de nouvelles perceptions de nous-m\u00eame et des autres. Ce concept favorise donc les processus d\u2019int\u00e9gration affective.<br \/>\r\n<strong>P<\/strong><\/span><span class=\"\"><strong>our qui? <\/strong><br \/>\r\n<\/span><span class=\"\">Pour les personnes ayant une certaine exp\u00e9rience de la biodanza, qu\u2019elles soient de mon groupe ou pas, qu\u2019elles\u00a0sachent nager ou pas.<br \/>\r\n<\/span><span class=\"\"><strong>D\u00e9roulement d\u2019une s\u00e9ance:<\/strong><br \/>\r\n<\/span><span class=\"\">Nous vous accueillerons \u00e0 19h30 et commencerons par un petit partage et puis quelques exercices d\u2019int\u00e9gration du groupe et de l\u2019\u00e9l\u00e9ment eau dans la petite salle du haut. N\u2019enfilez pas votre maillot tout de suite\u2026<br \/>\r\nL<\/span><span class=\"\">a s\u00e9ance aquatique dure environ une heure dans l\u2019eau ensuite nous partagerons une boisson chaude ou froide et des fruits frais ou secs et terminerons aux environs de 22h30. N\u2019h\u00e9sitez pas \u00e0 m\u2019appeler pour plus de renseignements.<\/span><\/em><\/span><\/p>\r\n<div>\r\n<blockquote>\r\n<div dir=\"ltr\">\r\n<div class=\"\">\r\n<div class=\"\">\r\n<p><span style=\"color: #3366ff;\"><em><span class=\"\">AU PLAISIR DE VIVRE CETTE EXPERIENCE AVEC VOUS!!<\/span><\/em><\/span>\r\n<\/div>\r\n<\/div>\r\n<\/div>\r\n<\/blockquote>\r\n<\/div>\r\n<div>\r\n<table border=\"0\" align=\"left\" bgcolor=\"#F0FFFF\">\r\n<tbody>\r\n<tr>\r\n<td align=\"center\"><small><strong>P\u00e9riode\/Period<\/strong><\/small><\/td>\r\n<td>17 sep, 15 oct et 17 d\u00e9c 2021<\/td>\r\n<\/tr>\r\n<tr>\r\n<td align=\"center\"><small><strong>Horaire\/E<span class=\"VIiyi\" lang=\"nl\"><span class=\"JLqJ4b ChMk0b C1N51c\" data-language-for-alternatives=\"nl\" data-language-to-translate-into=\"fr\" data-phrase-index=\"0\" data-number-of-phrases=\"1\">lk uur<\/span><\/span><\/strong><\/small><\/td>\r\n<td>les vendredis 19:30 \u00e0 22:30<\/td>\r\n<\/tr>\r\n<tr>\r\n<td align=\"center\"><small><strong>Rel\u00e2che\/V<span class=\"VIiyi\" lang=\"nl\"><span class=\"JLqJ4b ChMk0b C1N51c\" data-language-for-alternatives=\"nl\" data-language-to-translate-into=\"fr\" data-phrase-index=\"0\" data-number-of-phrases=\"1\">rijgelaten<\/span><\/span><\/strong><\/small><\/td>\r\n<td>non<\/td>\r\n<\/tr>\r\n<tr>\r\n<td align=\"center\"><small><strong>Lieu\/P<span class=\"VIiyi\" lang=\"nl\"><span class=\"JLqJ4b ChMk0b C1N51c\" data-language-for-alternatives=\"nl\" data-language-to-translate-into=\"fr\" data-phrase-index=\"0\" data-number-of-phrases=\"1\">laats<\/span><\/span><\/strong><\/small><\/td>\r\n<td>Situ\u00e9e au coeur de Bruxelles, l'adresse pr\u00e9cise de la piscine sera donn\u00e9e au moment de l'inscription.<\/td>\r\n<\/tr>\r\n<tr>\r\n<td align=\"center\"><small><strong>Co\u00fbt\/Kosten<\/strong><\/small><\/td>\r\n<td>me contacter<\/td>\r\n<\/tr>\r\n<tr>\r\n<td align=\"center\"><small><strong>Inscriptions\/<span class=\"VIiyi\" lang=\"nl\"><span class=\"JLqJ4b ChMk0b\" data-language-for-alternatives=\"nl\" data-language-to-translate-into=\"fr\" data-phrase-index=\"0\" data-number-of-phrases=\"1\">Registraties<\/span><\/span><\/strong><\/small><\/td>\r\n<td>me contacter<\/td>\r\n<\/tr>\r\n<tr>\r\n<td align=\"center\"><small><strong>Informations\/<span class=\"VIiyi\" lang=\"nl\"><span class=\"JLqJ4b ChMk0b C1N51c\" data-language-for-alternatives=\"nl\" data-language-to-translate-into=\"fr\" data-phrase-index=\"0\" data-number-of-phrases=\"1\">Informatie<\/span><\/span><\/strong><\/small><\/td>\r\n<td>T\u00e9l : 32496207040\u00a0\u00a0\u00a0\u00a0 \/\u00a0\u00a0\u00a0\u00a0 Email: <a href=\"&#x6d;a&#x69;&#108;&#x74;&#x6f;:&#x70;&#97;&#x75;&#x6c;e&#x2e;&#104;&#x65;&#x69;n&#x65;&#109;&#x61;&#x6e;n&#x40;&#109;&#x61;&#x63;&#46;&#x63;&#111;&#x6d;\">&#x70;&#97;&#117;l&#x65;&#x2e;&#104;e&#x69;&#x6e;&#101;ma&#x6e;&#110;&#64;m&#x61;&#x63;&#46;c&#x6f;&#x6d;<\/a><\/td>\r\n<\/tr>\r\n<tr>\r\n<td align=\"center\"><small><strong>Autres\/Anderen<\/strong><\/small><\/td>\r\n<td><span class=\"\">Les places sont limit\u00e9es (nous serons entre 12 et max 15 personnes).\u00a0<\/span><\/td>\r\n<\/tr>\r\n<\/tbody>\r\n<\/table>\r\n<\/div>\r\n<p style=\"text-align: right;\"><em><span style=\"color: #3366ff;\"><strong>PAULE HEINEMANN<\/strong><\/span><\/em><\/p>","protected":false},"excerpt":{"rendered":"Biodanza Aquatique \u00e0 Uccle Avec Paule et Thierry Heinemann O\u00f9?\u00a0 La biodanza aquatique se d\u00e9roule dans\u00a0une piscine th\u00e9rapeutique au coeur de Bruxelles. L\u2019eau y est chaude pour pouvoir y trouver une exp\u00e9rience relaxante et r\u00e9g\u00e9n\u00e9rante, qui permet de soulager les \u00e9tats\u00a0de tension et de stress et ainsi stimuler de nouvelles perceptions de nous-m\u00eame et des [&hellip;]","protected":false},"author":96,"featured_media":0,"menu_order":0,"comment_status":"closed","ping_status":"closed","template":"","calendar":[133],"organizer":[178],"province":[142],"ville":[193],"venue":[194],"class_list":["post-32314","events","type-events","status-publish","hentry","calendar-ponctuel","organizer-paulette-heinemann","province-bruxelles","ville-uccle","venue-n-c","entry"],"translation":{"provider":"WPGlobus","version":"3.0.2","language":"nl","enabled_languages":["fr","nl"],"languages":{"fr":{"title":true,"content":true,"excerpt":false},"nl":{"title":false,"content":false,"excerpt":false}}},"imc_loc":"","imc_img_tag":null,"_links":{"self":[{"href":"https:\/\/biodanza.be\/nl\/wp-json\/wp\/v2\/events\/32314","targetHints":{"allow":["GET"]}}],"collection":[{"href":"https:\/\/biodanza.be\/nl\/wp-json\/wp\/v2\/events"}],"about":[{"href":"https:\/\/biodanza.be\/nl\/wp-json\/wp\/v2\/types\/events"}],"author":[{"embeddable":true,"href":"https:\/\/biodanza.be\/nl\/wp-json\/wp\/v2\/users\/96"}],"replies":[{"embeddable":true,"href":"https:\/\/biodanza.be\/nl\/wp-json\/wp\/v2\/comments?post=32314"}],"version-history":[{"count":7,"href":"https:\/\/biodanza.be\/nl\/wp-json\/wp\/v2\/events\/32314\/revisions"}],"predecessor-version":[{"id":32315,"href":"https:\/\/biodanza.be\/nl\/wp-json\/wp\/v2\/events\/32314\/revisions\/32315"}],"wp:attachment":[{"href":"https:\/\/biodanza.be\/nl\/wp-json\/wp\/v2\/media?parent=32314"}],"wp:term":[{"taxonomy":"calendar","embeddable":true,"href":"https:\/\/biodanza.be\/nl\/wp-json\/wp\/v2\/calendar?post=32314"},{"taxonomy":"organizer","embeddable":true,"href":"https:\/\/biodanza.be\/nl\/wp-json\/wp\/v2\/organizer?post=32314"},{"taxonomy":"province","embeddable":true,"href":"https:\/\/biodanza.be\/nl\/wp-json\/wp\/v2\/province?post=32314"},{"taxonomy":"ville","embeddable":true,"href":"https:\/\/biodanza.be\/nl\/wp-json\/wp\/v2\/ville?post=32314"},{"taxonomy":"venue","embeddable":true,"href":"https:\/\/biodanza.be\/nl\/wp-json\/wp\/v2\/venue?post=32314"}],"curies":[{"name":"wp","href":"https:\/\/api.w.org\/{rel}","templated":true}]}}

<style>.entry-content a {color: #1e90ff; text-decoration: none !important;}</style>
<h1><span style="color: #3366ff;"><strong>Biodanza Aquatique à Uccle </strong></span><br />
<span style="color: #3366ff;"><small>Avec <strong>Paule et Thierry Heinemann </strong></small></span></h1>
<p><span style="color: #3366ff;"><em><span class=""><strong>Où? </strong><br />
</span><span class="">La biodanza aquatique se déroule dans</span><span class=""> une piscine thérapeutique au coeur de Bruxelles. L’eau y est chaude pour pouvoir y trouver une expérience relaxante et régénérante, qui permet de soulager les états de tension et de stress et ainsi stimuler de nouvelles perceptions de nous-même et des autres. Ce concept favorise donc les processus d’intégration affective.<br />
<strong>P</strong></span><span class=""><strong>our qui? </strong><br />
</span><span class="">Pour les personnes ayant une certaine expérience de la biodanza, qu’elles soient de mon groupe ou pas, qu’elles sachent nager ou pas.<br />
</span><span class=""><strong>Déroulement d’une séance:</strong><br />
</span><span class="">Nous vous accueillerons à 19h30 et commencerons par un petit partage et puis quelques exercices d’intégration du groupe et de l’élément eau dans la petite salle du haut. N’enfilez pas votre maillot tout de suite…<br />
L</span><span class="">a séance aquatique dure environ une heure dans l’eau ensuite nous partagerons une boisson chaude ou froide et des fruits frais ou secs et terminerons aux environs de 22h30. N’hésitez pas à m’appeler pour plus de renseignements.</span></em></span></p>
<div>
<blockquote>
<div dir="ltr">
<div class="">
<div class="">
<p><span style="color: #3366ff;"><em><span class="">AU PLAISIR DE VIVRE CETTE EXPERIENCE AVEC VOUS!!</span></em></span>
</div>
</div>
</div>
</blockquote>
</div>
<div>
<table border="0" align="left" bgcolor="#F0FFFF">
<tbody>
<tr>
<td align="center"><small><strong>Période/Period</strong></small></td>
<td>17 sep, 15 oct et 17 déc 2021</td>
</tr>
<tr>
<td align="center"><small><strong>Horaire/E<span class="VIiyi" lang="nl"><span class="JLqJ4b ChMk0b C1N51c" data-language-for-alternatives="nl" data-language-to-translate-into="fr" data-phrase-index="0" data-number-of-phrases="1">lk uur</span></span></strong></small></td>
<td>les vendredis 19:30 à 22:30</td>
</tr>
<tr>
<td align="center"><small><strong>Relâche/V<span class="VIiyi" lang="nl"><span class="JLqJ4b ChMk0b C1N51c" data-language-for-alternatives="nl" data-language-to-translate-into="fr" data-phrase-index="0" data-number-of-phrases="1">rijgelaten</span></span></strong></small></td>
<td>non</td>
</tr>
<tr>
<td align="center"><small><strong>Lieu/P<span class="VIiyi" lang="nl"><span class="JLqJ4b ChMk0b C1N51c" data-language-for-alternatives="nl" data-language-to-translate-into="fr" data-phrase-index="0" data-number-of-phrases="1">laats</span></span></strong></small></td>
<td>Située au coeur de Bruxelles, l'adresse précise de la piscine sera donnée au moment de l'inscription.</td>
</tr>
<tr>
<td align="center"><small><strong>Coût/Kosten</strong></small></td>
<td>me contacter</td>
</tr>
<tr>
<td align="center"><small><strong>Inscriptions/<span class="VIiyi" lang="nl"><span class="JLqJ4b ChMk0b" data-language-for-alternatives="nl" data-language-to-translate-into="fr" data-phrase-index="0" data-number-of-phrases="1">Registraties</span></span></strong></small></td>
<td>me contacter</td>
</tr>
<tr>
<td align="center"><small><strong>Informations/<span class="VIiyi" lang="nl"><span class="JLqJ4b ChMk0b C1N51c" data-language-for-alternatives="nl" data-language-to-translate-into="fr" data-phrase-index="0" data-number-of-phrases="1">Informatie</span></span></strong></small></td>
<td>Tél : 32496207040     /     Email: <a href="&#x6d;a&#x69;&#108;&#x74;&#x6f;:&#x70;&#97;&#x75;&#x6c;e&#x2e;&#104;&#x65;&#x69;n&#x65;&#109;&#x61;&#x6e;n&#x40;&#109;&#x61;&#x63;&#46;&#x63;&#111;&#x6d;">&#x70;&#97;&#117;l&#x65;&#x2e;&#104;e&#x69;&#x6e;&#101;ma&#x6e;&#110;&#64;m&#x61;&#x63;&#46;c&#x6f;&#x6d;</a></td>
</tr>
<tr>
<td align="center"><small><strong>Autres/Anderen</strong></small></td>
<td><span class="">Les places sont limitées (nous serons entre 12 et max 15 personnes). </span></td>
</tr>
</tbody>
</table>
</div>
<p style="text-align: right;"><em><span style="color: #3366ff;"><strong>PAULE HEINEMANN</strong></span></em></p>

Biodanza Aquatique à Uccle Avec Paule et Thierry Heinemann Où?  La biodanza aquatique se déroule dans une piscine thérapeutique au coeur de Bruxelles. L’eau y est chaude pour pouvoir y trouver une expérience relaxante et régénérante, qui permet de soulager les états de tension et de stress et ainsi stimuler de nouvelles perceptions de nous-même et des [&hellip;]
