{"id":39559,"date":"2022-08-17T01:12:06","date_gmt":"2022-08-16T23:12:06","guid":{"rendered":"https:\/\/biodanza.be\/?post_type=events&#038;p=39559"},"modified":"2022-08-17T01:12:06","modified_gmt":"2022-08-16T23:12:06","slug":"biodanza-intergenerationnelle","status":"publish","type":"events","link":"https:\/\/biodanza.be\/nl\/activite\/biodanza-intergenerationnelle\/","title":{"rendered":"Biodanza Interg\u00e9n\u00e9rationnelle"},"content":{"rendered":"<style type=\"text\/css\">\n#foogallery-gallery-39564 .fg-image { width: 640px; }<\/style>\n\t\t\t<div class=\"foogallery foogallery-container foogallery-image-viewer foogallery-link-image foogallery-lightbox-foobox fg-center fg-image-viewer fg-ready fg-light fg-border-thin fg-shadow-outline fg-loading-default fg-loaded-fade-in fg-caption-hover fg-hover-fade fg-hover-zoom\" id=\"foogallery-gallery-39564\" data-foogallery=\"{&quot;item&quot;:{&quot;showCaptionTitle&quot;:true,&quot;showCaptionDescription&quot;:true},&quot;lazy&quot;:true,&quot;template&quot;:{&quot;loop&quot;:true}}\" style=\"--fg-title-line-clamp: 0; --fg-description-line-clamp: 0;\" >\n\t<div class=\"fiv-inner\">\n\t\t<div class=\"fiv-inner-container\">\n\t\t\t<div class=\"fg-item fg-type-image fg-idle\"><figure class=\"fg-item-inner\"><a href=\"https:\/\/biodanza.be\/wp-content\/uploads\/2022\/08\/affiche-biodanza-28-aout-2022-scaled.jpg\" data-attachment-id=\"39565\" data-type=\"image\" class=\"fg-thumb\"><span class=\"fg-image-wrap\"><img fetchpriority=\"high\" decoding=\"async\" width=\"640\" height=\"360\" class=\"skip-lazy fg-image\" data-src-fg=\"https:\/\/biodanza.be\/wp-content\/uploads\/cache\/2022\/08\/affiche-biodanza-28-aout-2022-scaled\/743467545.jpg\" src=\"data:image\/svg+xml,%3Csvg%20xmlns%3D%22http%3A%2F%2Fwww.w3.org%2F2000%2Fsvg%22%20width%3D%22640%22%20height%3D%22360%22%20viewBox%3D%220%200%20640%20360%22%3E%3C%2Fsvg%3E\" loading=\"eager\"><\/span><span class=\"fg-image-overlay\"><\/span><\/a><\/figure><div class=\"fg-loader\"><\/div><\/div>\t\t<\/div>\n\t\t<div class=\"fiv-ctrls\">\n\t\t\t<button type=\"button\" class=\"fiv-prev\" title=\"Pr\u00e9c\"><span>Pr\u00e9c<\/span><\/button>\n\t\t\t<label class=\"fiv-count\"><span class=\"fiv-count-current\">1<\/span>de<span class=\"fiv-count-total\">1<\/span><\/label>\n\t\t\t<button type=\"button\" class=\"fiv-next\" title=\"Suiv.\"><span>Suiv.<\/span><\/button>\n\t\t<\/div>\n\t<\/div>\n<\/div>\r\n<style type=\"text\/css\">\n#foogallery-gallery-39564_1 .fg-image { width: 640px; }<\/style>\n\t\t\t<div class=\"foogallery foogallery-container foogallery-image-viewer foogallery-link-image foogallery-lightbox-foobox fg-center fg-image-viewer fg-ready fg-light fg-border-thin fg-shadow-outline fg-loading-default fg-loaded-fade-in fg-caption-hover fg-hover-fade fg-hover-zoom\" id=\"foogallery-gallery-39564_1\" data-foogallery=\"{&quot;item&quot;:{&quot;showCaptionTitle&quot;:true,&quot;showCaptionDescription&quot;:true},&quot;lazy&quot;:true,&quot;template&quot;:{&quot;loop&quot;:true}}\" style=\"--fg-title-line-clamp: 0; --fg-description-line-clamp: 0;\" >\n\t<div class=\"fiv-inner\">\n\t\t<div class=\"fiv-inner-container\">\n\t\t\t<div class=\"fg-item fg-type-image fg-idle\"><figure class=\"fg-item-inner\"><a href=\"https:\/\/biodanza.be\/wp-content\/uploads\/2022\/08\/affiche-biodanza-28-aout-2022-scaled.jpg\" data-attachment-id=\"39565\" data-type=\"image\" class=\"fg-thumb\"><span class=\"fg-image-wrap\"><img fetchpriority=\"high\" decoding=\"async\" width=\"640\" height=\"360\" class=\"skip-lazy fg-image\" data-src-fg=\"https:\/\/biodanza.be\/wp-content\/uploads\/cache\/2022\/08\/affiche-biodanza-28-aout-2022-scaled\/743467545.jpg\" src=\"data:image\/svg+xml,%3Csvg%20xmlns%3D%22http%3A%2F%2Fwww.w3.org%2F2000%2Fsvg%22%20width%3D%22640%22%20height%3D%22360%22%20viewBox%3D%220%200%20640%20360%22%3E%3C%2Fsvg%3E\" loading=\"eager\"><\/span><span class=\"fg-image-overlay\"><\/span><\/a><\/figure><div class=\"fg-loader\"><\/div><\/div>\t\t<\/div>\n\t\t<div class=\"fiv-ctrls\">\n\t\t\t<button type=\"button\" class=\"fiv-prev\" title=\"Pr\u00e9c\"><span>Pr\u00e9c<\/span><\/button>\n\t\t\t<label class=\"fiv-count\"><span class=\"fiv-count-current\">1<\/span>de<span class=\"fiv-count-total\">1<\/span><\/label>\n\t\t\t<button type=\"button\" class=\"fiv-next\" title=\"Suiv.\"><span>Suiv.<\/span><\/button>\n\t\t<\/div>\n\t<\/div>\n<\/div>\r\n<p>Rencontre et vivencia interg\u00e9n\u00e9rationnelle entre familles, grands, parents, parents, enfants, anc\u00eatres.<br \/>\r\nConvivial, ludique, dansant, bougeant, reposant.<br \/>\r\nLe bonheur d&#8217;avoir une activit\u00e9 commune avec tous.<br \/>\r\nPas de pr\u00e9requis ou de capacit\u00e9 quelconque.<br \/>\r\nAccessible \u00e0 tous.<\/p>","protected":false},"excerpt":{"rendered":"Rencontre et vivencia interg\u00e9n\u00e9rationnelle entre familles, grands, parents, parents, enfants, anc\u00eatres. Convivial, ludique, dansant, bougeant, reposant. Le bonheur d&#8217;avoir une activit\u00e9 commune avec tous. Pas de pr\u00e9requis ou de capacit\u00e9 quelconque. Accessible \u00e0 tous.","protected":false},"author":64,"featured_media":39565,"menu_order":0,"comment_status":"closed","ping_status":"open","template":"","calendar":[133],"organizer":[178,282],"province":[143],"ville":[],"venue":[372],"class_list":["post-39559","events","type-events","status-publish","has-post-thumbnail","hentry","calendar-ponctuel","organizer-paulette-heinemann","organizer-robert-delbrouck","province-brabant-wallon","venue-fun-en-bulles","entry","has-media"],"translation":{"provider":"WPGlobus","version":"3.0.2","language":"nl","enabled_languages":["fr","nl"],"languages":{"fr":{"title":true,"content":true,"excerpt":false},"nl":{"title":false,"content":false,"excerpt":false}}},"imc_loc":"","imc_img_tag":null,"_links":{"self":[{"href":"https:\/\/biodanza.be\/nl\/wp-json\/wp\/v2\/events\/39559","targetHints":{"allow":["GET"]}}],"collection":[{"href":"https:\/\/biodanza.be\/nl\/wp-json\/wp\/v2\/events"}],"about":[{"href":"https:\/\/biodanza.be\/nl\/wp-json\/wp\/v2\/types\/events"}],"author":[{"embeddable":true,"href":"https:\/\/biodanza.be\/nl\/wp-json\/wp\/v2\/users\/64"}],"replies":[{"embeddable":true,"href":"https:\/\/biodanza.be\/nl\/wp-json\/wp\/v2\/comments?post=39559"}],"version-history":[{"count":4,"href":"https:\/\/biodanza.be\/nl\/wp-json\/wp\/v2\/events\/39559\/revisions"}],"predecessor-version":[{"id":39574,"href":"https:\/\/biodanza.be\/nl\/wp-json\/wp\/v2\/events\/39559\/revisions\/39574"}],"wp:featuredmedia":[{"embeddable":true,"href":"https:\/\/biodanza.be\/nl\/wp-json\/wp\/v2\/media\/39565"}],"wp:attachment":[{"href":"https:\/\/biodanza.be\/nl\/wp-json\/wp\/v2\/media?parent=39559"}],"wp:term":[{"taxonomy":"calendar","embeddable":true,"href":"https:\/\/biodanza.be\/nl\/wp-json\/wp\/v2\/calendar?post=39559"},{"taxonomy":"organizer","embeddable":true,"href":"https:\/\/biodanza.be\/nl\/wp-json\/wp\/v2\/organizer?post=39559"},{"taxonomy":"province","embeddable":true,"href":"https:\/\/biodanza.be\/nl\/wp-json\/wp\/v2\/province?post=39559"},{"taxonomy":"ville","embeddable":true,"href":"https:\/\/biodanza.be\/nl\/wp-json\/wp\/v2\/ville?post=39559"},{"taxonomy":"venue","embeddable":true,"href":"https:\/\/biodanza.be\/nl\/wp-json\/wp\/v2\/venue?post=39559"}],"curies":[{"name":"wp","href":"https:\/\/api.w.org\/{rel}","templated":true}]}}

Biodanza Intergénérationnelle

<style type="text/css">
#foogallery-gallery-39564 .fg-image { width: 640px; }</style>
			<div class="foogallery foogallery-container foogallery-image-viewer foogallery-link-image foogallery-lightbox-foobox fg-center fg-image-viewer fg-ready fg-light fg-border-thin fg-shadow-outline fg-loading-default fg-loaded-fade-in fg-caption-hover fg-hover-fade fg-hover-zoom" id="foogallery-gallery-39564" data-foogallery="{&quot;item&quot;:{&quot;showCaptionTitle&quot;:true,&quot;showCaptionDescription&quot;:true},&quot;lazy&quot;:true,&quot;template&quot;:{&quot;loop&quot;:true}}" style="--fg-title-line-clamp: 0; --fg-description-line-clamp: 0;" >
	<div class="fiv-inner">
		<div class="fiv-inner-container">
			<div class="fg-item fg-type-image fg-idle"><figure class="fg-item-inner"><a href="https://biodanza.be/wp-content/uploads/2022/08/affiche-biodanza-28-aout-2022-scaled.jpg" data-attachment-id="39565" data-type="image" class="fg-thumb"><span class="fg-image-wrap"><img fetchpriority="high" decoding="async" width="640" height="360" class="skip-lazy fg-image" data-src-fg="https://biodanza.be/wp-content/uploads/cache/2022/08/affiche-biodanza-28-aout-2022-scaled/743467545.jpg" src="data:image/svg+xml,%3Csvg%20xmlns%3D%22http%3A%2F%2Fwww.w3.org%2F2000%2Fsvg%22%20width%3D%22640%22%20height%3D%22360%22%20viewBox%3D%220%200%20640%20360%22%3E%3C%2Fsvg%3E" loading="eager"></span><span class="fg-image-overlay"></span></a></figure><div class="fg-loader"></div></div>		</div>
		<div class="fiv-ctrls">
			<button type="button" class="fiv-prev" title="Préc"><span>Préc</span></button>
			<label class="fiv-count"><span class="fiv-count-current">1</span>de<span class="fiv-count-total">1</span></label>
			<button type="button" class="fiv-next" title="Suiv."><span>Suiv.</span></button>
		</div>
	</div>
</div>
<style type="text/css">
#foogallery-gallery-39564_1 .fg-image { width: 640px; }</style>
			<div class="foogallery foogallery-container foogallery-image-viewer foogallery-link-image foogallery-lightbox-foobox fg-center fg-image-viewer fg-ready fg-light fg-border-thin fg-shadow-outline fg-loading-default fg-loaded-fade-in fg-caption-hover fg-hover-fade fg-hover-zoom" id="foogallery-gallery-39564_1" data-foogallery="{&quot;item&quot;:{&quot;showCaptionTitle&quot;:true,&quot;showCaptionDescription&quot;:true},&quot;lazy&quot;:true,&quot;template&quot;:{&quot;loop&quot;:true}}" style="--fg-title-line-clamp: 0; --fg-description-line-clamp: 0;" >
	<div class="fiv-inner">
		<div class="fiv-inner-container">
			<div class="fg-item fg-type-image fg-idle"><figure class="fg-item-inner"><a href="https://biodanza.be/wp-content/uploads/2022/08/affiche-biodanza-28-aout-2022-scaled.jpg" data-attachment-id="39565" data-type="image" class="fg-thumb"><span class="fg-image-wrap"><img fetchpriority="high" decoding="async" width="640" height="360" class="skip-lazy fg-image" data-src-fg="https://biodanza.be/wp-content/uploads/cache/2022/08/affiche-biodanza-28-aout-2022-scaled/743467545.jpg" src="data:image/svg+xml,%3Csvg%20xmlns%3D%22http%3A%2F%2Fwww.w3.org%2F2000%2Fsvg%22%20width%3D%22640%22%20height%3D%22360%22%20viewBox%3D%220%200%20640%20360%22%3E%3C%2Fsvg%3E" loading="eager"></span><span class="fg-image-overlay"></span></a></figure><div class="fg-loader"></div></div>		</div>
		<div class="fiv-ctrls">
			<button type="button" class="fiv-prev" title="Préc"><span>Préc</span></button>
			<label class="fiv-count"><span class="fiv-count-current">1</span>de<span class="fiv-count-total">1</span></label>
			<button type="button" class="fiv-next" title="Suiv."><span>Suiv.</span></button>
		</div>
	</div>
</div>
<p>Rencontre et vivencia intergénérationnelle entre familles, grands, parents, parents, enfants, ancêtres.<br />
Convivial, ludique, dansant, bougeant, reposant.<br />
Le bonheur d&#8217;avoir une activité commune avec tous.<br />
Pas de prérequis ou de capacité quelconque.<br />
Accessible à tous.</p>

Rencontre et vivencia intergénérationnelle entre familles, grands, parents, parents, enfants, ancêtres. Convivial, ludique, dansant, bougeant, reposant. Le bonheur d&#8217;avoir une activité commune avec tous. Pas de prérequis ou de capacité quelconque. Accessible à tous.
