{"id":42013,"date":"2022-12-02T18:41:38","date_gmt":"2022-12-02T17:41:38","guid":{"rendered":"https:\/\/biodanza.be\/?post_type=events&#038;p=42013"},"modified":"2022-12-02T18:41:38","modified_gmt":"2022-12-02T17:41:38","slug":"biodanza-aquatique-le-dimanche-11-decembre-de-14h-a-17h-tel-0473-79-38-79","status":"publish","type":"events","link":"https:\/\/biodanza.be\/nl\/activite\/biodanza-aquatique-le-dimanche-11-decembre-de-14h-a-17h-tel-0473-79-38-79\/","title":{"rendered":"Biodanza aquatique le dimanche 11 d\u00e9cembre de 14h \u00e0 17h. T\u00e9l 0473 79 38 79"},"content":{"rendered":"Avec l&#8217;eau chaude comme complice (35\u00b0), je t&#8217;invite aux retrouvailles avec toi-m\u00eame, avec les autres. \r\nAu rendez-vous, chaleur, l\u00e9g\u00e8ret\u00e9, souplesse, sourires.\r\nPour un monde paisible, s&#8217;offrir de la qui\u00e9tude et du calme.","protected":false},"excerpt":{"rendered":"Avec l&#8217;eau chaude comme complice (35\u00b0), je t&#8217;invite aux retrouvailles avec toi-m\u00eame, avec les autres. Au rendez-vous, chaleur, l\u00e9g\u00e8ret\u00e9, souplesse, sourires. Pour un monde paisible, s&#8217;offrir de la qui\u00e9tude et du calme.","protected":false},"author":64,"featured_media":0,"menu_order":0,"comment_status":"closed","ping_status":"closed","template":"","calendar":[134],"organizer":[],"province":[],"ville":[],"venue":[],"class_list":["post-42013","events","type-events","status-publish","hentry","calendar-stages-ateliers","entry"],"translation":{"provider":"WPGlobus","version":"3.0.2","language":"nl","enabled_languages":["fr","nl"],"languages":{"fr":{"title":true,"content":true,"excerpt":false},"nl":{"title":false,"content":false,"excerpt":false}}},"imc_loc":"","imc_img_tag":null,"_links":{"self":[{"href":"https:\/\/biodanza.be\/nl\/wp-json\/wp\/v2\/events\/42013","targetHints":{"allow":["GET"]}}],"collection":[{"href":"https:\/\/biodanza.be\/nl\/wp-json\/wp\/v2\/events"}],"about":[{"href":"https:\/\/biodanza.be\/nl\/wp-json\/wp\/v2\/types\/events"}],"author":[{"embeddable":true,"href":"https:\/\/biodanza.be\/nl\/wp-json\/wp\/v2\/users\/64"}],"replies":[{"embeddable":true,"href":"https:\/\/biodanza.be\/nl\/wp-json\/wp\/v2\/comments?post=42013"}],"version-history":[{"count":2,"href":"https:\/\/biodanza.be\/nl\/wp-json\/wp\/v2\/events\/42013\/revisions"}],"predecessor-version":[{"id":42015,"href":"https:\/\/biodanza.be\/nl\/wp-json\/wp\/v2\/events\/42013\/revisions\/42015"}],"wp:attachment":[{"href":"https:\/\/biodanza.be\/nl\/wp-json\/wp\/v2\/media?parent=42013"}],"wp:term":[{"taxonomy":"calendar","embeddable":true,"href":"https:\/\/biodanza.be\/nl\/wp-json\/wp\/v2\/calendar?post=42013"},{"taxonomy":"organizer","embeddable":true,"href":"https:\/\/biodanza.be\/nl\/wp-json\/wp\/v2\/organizer?post=42013"},{"taxonomy":"province","embeddable":true,"href":"https:\/\/biodanza.be\/nl\/wp-json\/wp\/v2\/province?post=42013"},{"taxonomy":"ville","embeddable":true,"href":"https:\/\/biodanza.be\/nl\/wp-json\/wp\/v2\/ville?post=42013"},{"taxonomy":"venue","embeddable":true,"href":"https:\/\/biodanza.be\/nl\/wp-json\/wp\/v2\/venue?post=42013"}],"curies":[{"name":"wp","href":"https:\/\/api.w.org\/{rel}","templated":true}]}}

Biodanza aquatique le dimanche 11 décembre de 14h à 17h. Tél 0473 79 38 79

Avec l&#8217;eau chaude comme complice (35°), je t&#8217;invite aux retrouvailles avec toi-même, avec les autres. 
Au rendez-vous, chaleur, légèreté, souplesse, sourires.
Pour un monde paisible, s&#8217;offrir de la quiétude et du calme.

Avec l&#8217;eau chaude comme complice (35°), je t&#8217;invite aux retrouvailles avec toi-même, avec les autres. Au rendez-vous, chaleur, légèreté, souplesse, sourires. Pour un monde paisible, s&#8217;offrir de la quiétude et du calme.
