{"id":45046,"date":"2023-07-03T12:51:14","date_gmt":"2023-07-03T10:51:14","guid":{"rendered":"https:\/\/biodanza.be\/activite\/%e2%9e%94-comblain-la-tour-hamoirsoiree-decouverte-detelinda-mangalam-2\/"},"modified":"2023-07-06T19:17:55","modified_gmt":"2023-07-06T17:17:55","slug":"%e2%9e%94-comblain-la-tour-hamoirsoiree-decouverte-detelinda-mangalam-2","status":"publish","type":"events","link":"https:\/\/biodanza.be\/nl\/activite\/%e2%9e%94-comblain-la-tour-hamoirsoiree-decouverte-detelinda-mangalam-2\/","title":{"rendered":"\u2794 <center><b>Comblain-La-Tour (Hamoir)<\/b><br \/>Soir\u00e9e D\u00e9couverte d&#8217;\u00e9t\u00e9<br \/>Linda Mangalam<\/center>"},"content":{"rendered":"<div><\/div>\r\n<table class=\"tableausansbord\">\r\n<tbody>\r\n<tr>\r\n<td>\r\n<h1><span style=\"color: #8b0000;\"><strong>Biodanza: Soir\u00e9e D\u00e9couverte d&#8217;\u00e9t\u00e9 \u00e0 Comblain-La-Tour(Hamoir)<\/strong><\/span><\/h1>\r\n<\/td>\r\n<\/tr>\r\n<tr>\r\n<td>\r\n<h3><span style=\"color: #8b0000;\">Cours donn\u00e9 par Linda Mangalam<\/span><em style=\"color: #8b0000; font-size: 1rem;\">.<\/em><\/h3>\r\n<\/td>\r\n<\/tr>\r\n<\/tbody>\r\n<\/table>\r\n<div>\r\n<p><span style=\"color: #8b0000;\"><em>Soir\u00e9e D\u00e9couverte d&#8217;\u00e9t\u00e9 ouverte \u00e0 tous<\/em><\/span><\/p>\r\n<\/div>\r\n<div>\r\n<table class=\"eventdataTable\">\r\n<tbody>\r\n<tr>\r\n<td align=\"center\"><small><strong>P\u00e9riode<\/strong><\/small><\/td>\r\n<td>le\u00a0 8 ao\u00fbt 2023<\/td>\r\n<\/tr>\r\n<tr>\r\n<td align=\"center\"><small><strong>Horaire<\/strong><\/small><\/td>\r\n<td>de 20h00 \u00e0 22h00<\/td>\r\n<\/tr>\r\n<tr>\r\n<td align=\"center\"><small><strong>Lieu<\/strong><\/small><\/td>\r\n<td>Salle La Cour aux Marchandises rue du Vicinal 1, 4180 Comblain- La-Tour (Hamoir)<br \/>\r\n<a href=\"https:\/\/www.google.ca\/maps\/place\/Rue+du+Vicinal+1,+4180+Hamoir,+Belgique\/@50.4578813,5.5652184,17z\/data=!3m1!4b1!4m6!3m5!1s0x47c05a1936598105:0x2021a72668f4e68!8m2!3d50.4578779!4d5.5674071!16s%2Fg%2F11bw4x6kn2?hl=fr\" target=\"_blank\" rel=\"noopener\">Voir le trajet<\/a><\/td>\r\n<\/tr>\r\n<tr>\r\n<td align=\"center\"><small><strong>Co\u00fbt<\/strong><\/small><\/td>\r\n<td>12\u20ac la s\u00e9ance<\/td>\r\n<\/tr>\r\n<tr>\r\n<td align=\"center\"><small><strong>Inscriptions<\/strong><\/small><\/td>\r\n<td>me contacter<\/td>\r\n<\/tr>\r\n<tr>\r\n<td align=\"center\"><small><strong>Informations<\/strong><\/small><\/td>\r\n<td>0476 79 04 10 \/ Email: &#x6c;&#x69;&#x6e;&#x64;&#97;&#109;&#97;&#110;gal&#x61;&#x6d;&#x39;&#x39;&#x40;&#103;&#109;&#97;il&#46;&#x63;&#x6f;&#x6d;<\/td>\r\n<\/tr>\r\n<tr>\r\n<td align=\"center\"><small><strong>Autres<\/strong><\/small><\/td>\r\n<td>Arriver avant 20h00 si possible<\/td>\r\n<\/tr>\r\n<\/tbody>\r\n<\/table>\r\n<\/div>\r\n<div>\r\n<style>.entry-content a{color:#1e90ff;text-decoration:none!important;}<\/style>\r\n<\/div>\r\n<h3><strong><a href=\"https:\/\/biodanza.be\/profs-list\/\" target=\"_blank\" rel=\"noopener noreferrer\">Liste des professeurs<\/a><\/strong><\/h3>","protected":false},"excerpt":{"rendered":"Biodanza: Soir\u00e9e D\u00e9couverte d&#8217;\u00e9t\u00e9 \u00e0 Comblain-La-Tour(Hamoir) Cours donn\u00e9 par Linda Mangalam. Soir\u00e9e D\u00e9couverte d&#8217;\u00e9t\u00e9 ouverte \u00e0 tous P\u00e9riode le\u00a0 8 ao\u00fbt 2023 Horaire de 20h00 \u00e0 22h00 Lieu Salle La Cour aux Marchandises rue du Vicinal 1, 4180 Comblain- La-Tour (Hamoir) Voir le trajet Co\u00fbt 12\u20ac la s\u00e9ance Inscriptions me contacter Informations 0476 79 04 [&hellip;]","protected":false},"author":96,"featured_media":0,"menu_order":0,"comment_status":"closed","ping_status":"closed","template":"","calendar":[133],"organizer":[317],"province":[147],"ville":[434],"venue":[436],"class_list":["post-45046","events","type-events","status-publish","hentry","calendar-ponctuel","organizer-lindamangalam-dupagne-van-tolhuy","province-liege","ville-hamoir","venue-la-cour-aux-marchandises","entry"],"translation":{"provider":"WPGlobus","version":"3.0.2","language":"nl","enabled_languages":["fr","nl"],"languages":{"fr":{"title":true,"content":true,"excerpt":false},"nl":{"title":false,"content":false,"excerpt":false}}},"imc_loc":"","imc_img_tag":null,"_links":{"self":[{"href":"https:\/\/biodanza.be\/nl\/wp-json\/wp\/v2\/events\/45046","targetHints":{"allow":["GET"]}}],"collection":[{"href":"https:\/\/biodanza.be\/nl\/wp-json\/wp\/v2\/events"}],"about":[{"href":"https:\/\/biodanza.be\/nl\/wp-json\/wp\/v2\/types\/events"}],"author":[{"embeddable":true,"href":"https:\/\/biodanza.be\/nl\/wp-json\/wp\/v2\/users\/96"}],"replies":[{"embeddable":true,"href":"https:\/\/biodanza.be\/nl\/wp-json\/wp\/v2\/comments?post=45046"}],"version-history":[{"count":3,"href":"https:\/\/biodanza.be\/nl\/wp-json\/wp\/v2\/events\/45046\/revisions"}],"predecessor-version":[{"id":45047,"href":"https:\/\/biodanza.be\/nl\/wp-json\/wp\/v2\/events\/45046\/revisions\/45047"}],"wp:attachment":[{"href":"https:\/\/biodanza.be\/nl\/wp-json\/wp\/v2\/media?parent=45046"}],"wp:term":[{"taxonomy":"calendar","embeddable":true,"href":"https:\/\/biodanza.be\/nl\/wp-json\/wp\/v2\/calendar?post=45046"},{"taxonomy":"organizer","embeddable":true,"href":"https:\/\/biodanza.be\/nl\/wp-json\/wp\/v2\/organizer?post=45046"},{"taxonomy":"province","embeddable":true,"href":"https:\/\/biodanza.be\/nl\/wp-json\/wp\/v2\/province?post=45046"},{"taxonomy":"ville","embeddable":true,"href":"https:\/\/biodanza.be\/nl\/wp-json\/wp\/v2\/ville?post=45046"},{"taxonomy":"venue","embeddable":true,"href":"https:\/\/biodanza.be\/nl\/wp-json\/wp\/v2\/venue?post=45046"}],"curies":[{"name":"wp","href":"https:\/\/api.w.org\/{rel}","templated":true}]}}

➔ <center><b>Comblain-La-Tour (Hamoir)</b><br />Soirée Découverte d&#8217;été<br />Linda Mangalam</center>

<div></div>
<table class="tableausansbord">
<tbody>
<tr>
<td>
<h1><span style="color: #8b0000;"><strong>Biodanza: Soirée Découverte d&#8217;été à Comblain-La-Tour(Hamoir)</strong></span></h1>
</td>
</tr>
<tr>
<td>
<h3><span style="color: #8b0000;">Cours donné par Linda Mangalam</span><em style="color: #8b0000; font-size: 1rem;">.</em></h3>
</td>
</tr>
</tbody>
</table>
<div>
<p><span style="color: #8b0000;"><em>Soirée Découverte d&#8217;été ouverte à tous</em></span></p>
</div>
<div>
<table class="eventdataTable">
<tbody>
<tr>
<td align="center"><small><strong>Période</strong></small></td>
<td>le  8 août 2023</td>
</tr>
<tr>
<td align="center"><small><strong>Horaire</strong></small></td>
<td>de 20h00 à 22h00</td>
</tr>
<tr>
<td align="center"><small><strong>Lieu</strong></small></td>
<td>Salle La Cour aux Marchandises rue du Vicinal 1, 4180 Comblain- La-Tour (Hamoir)<br />
<a href="https://www.google.ca/maps/place/Rue+du+Vicinal+1,+4180+Hamoir,+Belgique/@50.4578813,5.5652184,17z/data=!3m1!4b1!4m6!3m5!1s0x47c05a1936598105:0x2021a72668f4e68!8m2!3d50.4578779!4d5.5674071!16s%2Fg%2F11bw4x6kn2?hl=fr" target="_blank" rel="noopener">Voir le trajet</a></td>
</tr>
<tr>
<td align="center"><small><strong>Coût</strong></small></td>
<td>12€ la séance</td>
</tr>
<tr>
<td align="center"><small><strong>Inscriptions</strong></small></td>
<td>me contacter</td>
</tr>
<tr>
<td align="center"><small><strong>Informations</strong></small></td>
<td>0476 79 04 10 / Email: &#x6c;&#x69;&#x6e;&#x64;&#97;&#109;&#97;&#110;gal&#x61;&#x6d;&#x39;&#x39;&#x40;&#103;&#109;&#97;il&#46;&#x63;&#x6f;&#x6d;</td>
</tr>
<tr>
<td align="center"><small><strong>Autres</strong></small></td>
<td>Arriver avant 20h00 si possible</td>
</tr>
</tbody>
</table>
</div>
<div>
<style>.entry-content a{color:#1e90ff;text-decoration:none!important;}</style>
</div>
<h3><strong><a href="https://biodanza.be/profs-list/" target="_blank" rel="noopener noreferrer">Liste des professeurs</a></strong></h3>

Biodanza: Soirée Découverte d&#8217;été à Comblain-La-Tour(Hamoir) Cours donné par Linda Mangalam. Soirée Découverte d&#8217;été ouverte à tous Période le  8 août 2023 Horaire de 20h00 à 22h00 Lieu Salle La Cour aux Marchandises rue du Vicinal 1, 4180 Comblain- La-Tour (Hamoir) Voir le trajet Coût 12€ la séance Inscriptions me contacter Informations 0476 79 04 [&hellip;]
