{"id":49560,"date":"2024-02-18T17:00:06","date_gmt":"2024-02-18T16:00:06","guid":{"rendered":"https:\/\/biodanza.be\/?post_type=events&#038;p=49560"},"modified":"2024-06-06T12:51:40","modified_gmt":"2024-06-06T10:51:40","slug":"%e2%9e%94-huybiodanza-hebdomadairecarol","status":"publish","type":"events","link":"https:\/\/biodanza.be\/nl\/activite\/%e2%9e%94-huybiodanza-hebdomadairecarol\/","title":{"rendered":"\u2794<center><b>Huy<\/b><br \/>Biodanza hebdomadaire<br \/>Carol<\/center>"},"content":{"rendered":"<div>\u00a0<\/div>\r\n<table class=\"tableausansbord\">\r\n<tbody>\r\n<tr>\r\n<td>\r\n<h1><span style=\"color: #8b0000;\"><strong>Biodanza hebdomadaire \u00e0 Huy<\/strong><\/span><\/h1>\r\n<\/td>\r\n<\/tr>\r\n<tr>\r\n<td>\r\n<h3><span style=\"color: #8b0000;\">Cours donn\u00e9 par Carol Tigny<\/span><\/h3>\r\n<\/td>\r\n<\/tr>\r\n<\/tbody>\r\n<\/table>\r\n<div>\r\n<p><span style=\"color: #8b0000;\"><b><i>Cours hebdomadaire de Biodanza dans la r\u00e9gion de Huy en tant que facilitatrice en supervision.<\/i><\/b><\/span><\/p>\r\n<\/div>\r\n<div>\r\n<table class=\"eventdataTable\">\r\n<tbody>\r\n<tr>\r\n<td align=\"center\"><small><strong>P\u00e9riode<\/strong><\/small><\/td>\r\n<td>janvier 2024 \u00e0 fin juin 2024<\/td>\r\n<\/tr>\r\n<tr>\r\n<td align=\"center\"><small><strong>Horaire<\/strong><\/small><\/td>\r\n<td>les lundis de 19h30 \u00e0 21h30<\/td>\r\n<\/tr>\r\n<tr>\r\n<td align=\"center\"><small><strong>Rel\u00e2che<\/strong><\/small><\/td>\r\n<td>vacances scolaires<\/td>\r\n<\/tr>\r\n<tr>\r\n<td align=\"center\"><small><strong>Lieu<\/strong><\/small><\/td>\r\n<td>Institut tib\u00e9tain de Tihange, salle Tcheupel Ling\r\n\r\n<p><a href=\"https:\/\/www.google.be\/maps\/place\/Institut+Tib%C3%A9tain+Yeunten+Ling\/@50.5160243,5.2638903,17z\/data=!3m1!4b1!4m6!3m5!1s0x47c1abd25e6ba099:0xc7909fb8bbd844f2!8m2!3d50.5160209!4d5.2664652!16s%2Fg%2F1tdh7lnk?entry=ttu\" target=\"_blank\" rel=\"noopener\">cliquez ici pour trouver le trajet<\/a><\/p>\r\n<\/td>\r\n<\/tr>\r\n<tr>\r\n<td align=\"center\"><small><strong>Co\u00fbt<\/strong><\/small><\/td>\r\n<td>15 euros par s\u00e9ance<\/td>\r\n<\/tr>\r\n<tr>\r\n<td align=\"center\"><small><strong>Inscriptions<\/strong><\/small><\/td>\r\n<td>merci de me contacter<\/td>\r\n<\/tr>\r\n<tr>\r\n<td align=\"center\"><small><strong>Informations<\/strong><\/small><\/td>\r\n<td>T\u00e9l : 0471\/31.39.98; email : &#x63;&#97;&#x72;&#x6f;l&#x74;&#105;g&#x6e;&#121;&#64;&#x79;&#97;&#x68;&#x6f;o&#x2e;&#102;r<\/td>\r\n<\/tr>\r\n<tr>\r\n<td align=\"center\"><small><strong>Autres<\/strong><\/small><\/td>\r\n<td>cours ouvert \u00e0 tout le monde<\/td>\r\n<\/tr>\r\n<\/tbody>\r\n<\/table>\r\n<div>\r\n<style>.entry-content a{color:#1e90ff;text-decoration:none!important;}<\/style>\r\n<\/div>\r\n<h3><strong><a href=\"https:\/\/biodanza.be\/profs-list\/\" target=\"_blank\" rel=\"noopener noreferrer\">Liste des professeurs<\/a><\/strong><\/h3>\r\n<\/div>","protected":false},"excerpt":{"rendered":"\u00a0 Biodanza hebdomadaire \u00e0 Huy Cours donn\u00e9 par Carol Tigny Cours hebdomadaire de Biodanza dans la r\u00e9gion de Huy en tant que facilitatrice en supervision. P\u00e9riode janvier 2024 \u00e0 fin juin 2024 Horaire les lundis de 19h30 \u00e0 21h30 Rel\u00e2che vacances scolaires Lieu Institut tib\u00e9tain de Tihange, salle Tcheupel Ling cliquez ici pour trouver le [&hellip;]","protected":false},"author":1054,"featured_media":0,"menu_order":0,"comment_status":"closed","ping_status":"closed","template":"","calendar":[],"organizer":[557],"province":[147],"ville":[568],"venue":[570],"class_list":["post-49560","events","type-events","status-publish","hentry","organizer-carol-tigny","province-liege","ville-huy","venue-institut-tibetain-yeunten-ling","entry"],"translation":{"provider":"WPGlobus","version":"3.0.2","language":"nl","enabled_languages":["fr","nl"],"languages":{"fr":{"title":true,"content":true,"excerpt":false},"nl":{"title":false,"content":false,"excerpt":false}}},"imc_loc":"","imc_img_tag":null,"_links":{"self":[{"href":"https:\/\/biodanza.be\/nl\/wp-json\/wp\/v2\/events\/49560","targetHints":{"allow":["GET"]}}],"collection":[{"href":"https:\/\/biodanza.be\/nl\/wp-json\/wp\/v2\/events"}],"about":[{"href":"https:\/\/biodanza.be\/nl\/wp-json\/wp\/v2\/types\/events"}],"author":[{"embeddable":true,"href":"https:\/\/biodanza.be\/nl\/wp-json\/wp\/v2\/users\/1054"}],"replies":[{"embeddable":true,"href":"https:\/\/biodanza.be\/nl\/wp-json\/wp\/v2\/comments?post=49560"}],"version-history":[{"count":11,"href":"https:\/\/biodanza.be\/nl\/wp-json\/wp\/v2\/events\/49560\/revisions"}],"predecessor-version":[{"id":61969,"href":"https:\/\/biodanza.be\/nl\/wp-json\/wp\/v2\/events\/49560\/revisions\/61969"}],"wp:attachment":[{"href":"https:\/\/biodanza.be\/nl\/wp-json\/wp\/v2\/media?parent=49560"}],"wp:term":[{"taxonomy":"calendar","embeddable":true,"href":"https:\/\/biodanza.be\/nl\/wp-json\/wp\/v2\/calendar?post=49560"},{"taxonomy":"organizer","embeddable":true,"href":"https:\/\/biodanza.be\/nl\/wp-json\/wp\/v2\/organizer?post=49560"},{"taxonomy":"province","embeddable":true,"href":"https:\/\/biodanza.be\/nl\/wp-json\/wp\/v2\/province?post=49560"},{"taxonomy":"ville","embeddable":true,"href":"https:\/\/biodanza.be\/nl\/wp-json\/wp\/v2\/ville?post=49560"},{"taxonomy":"venue","embeddable":true,"href":"https:\/\/biodanza.be\/nl\/wp-json\/wp\/v2\/venue?post=49560"}],"curies":[{"name":"wp","href":"https:\/\/api.w.org\/{rel}","templated":true}]}}

<div> </div>
<table class="tableausansbord">
<tbody>
<tr>
<td>
<h1><span style="color: #8b0000;"><strong>Biodanza hebdomadaire à Huy</strong></span></h1>
</td>
</tr>
<tr>
<td>
<h3><span style="color: #8b0000;">Cours donné par Carol Tigny</span></h3>
</td>
</tr>
</tbody>
</table>
<div>
<p><span style="color: #8b0000;"><b><i>Cours hebdomadaire de Biodanza dans la région de Huy en tant que facilitatrice en supervision.</i></b></span></p>
</div>
<div>
<table class="eventdataTable">
<tbody>
<tr>
<td align="center"><small><strong>Période</strong></small></td>
<td>janvier 2024 à fin juin 2024</td>
</tr>
<tr>
<td align="center"><small><strong>Horaire</strong></small></td>
<td>les lundis de 19h30 à 21h30</td>
</tr>
<tr>
<td align="center"><small><strong>Relâche</strong></small></td>
<td>vacances scolaires</td>
</tr>
<tr>
<td align="center"><small><strong>Lieu</strong></small></td>
<td>Institut tibétain de Tihange, salle Tcheupel Ling

<p><a href="https://www.google.be/maps/place/Institut+Tib%C3%A9tain+Yeunten+Ling/@50.5160243,5.2638903,17z/data=!3m1!4b1!4m6!3m5!1s0x47c1abd25e6ba099:0xc7909fb8bbd844f2!8m2!3d50.5160209!4d5.2664652!16s%2Fg%2F1tdh7lnk?entry=ttu" target="_blank" rel="noopener">cliquez ici pour trouver le trajet</a></p>
</td>
</tr>
<tr>
<td align="center"><small><strong>Coût</strong></small></td>
<td>15 euros par séance</td>
</tr>
<tr>
<td align="center"><small><strong>Inscriptions</strong></small></td>
<td>merci de me contacter</td>
</tr>
<tr>
<td align="center"><small><strong>Informations</strong></small></td>
<td>Tél : 0471/31.39.98; email : &#x63;&#97;&#x72;&#x6f;l&#x74;&#105;g&#x6e;&#121;&#64;&#x79;&#97;&#x68;&#x6f;o&#x2e;&#102;r</td>
</tr>
<tr>
<td align="center"><small><strong>Autres</strong></small></td>
<td>cours ouvert à tout le monde</td>
</tr>
</tbody>
</table>
<div>
<style>.entry-content a{color:#1e90ff;text-decoration:none!important;}</style>
</div>
<h3><strong><a href="https://biodanza.be/profs-list/" target="_blank" rel="noopener noreferrer">Liste des professeurs</a></strong></h3>
</div>

Biodanza hebdomadaire à Huy Cours donné par Carol Tigny Cours hebdomadaire de Biodanza dans la région de Huy en tant que facilitatrice en supervision. Période janvier 2024 à fin juin 2024 Horaire les lundis de 19h30 à 21h30 Relâche vacances scolaires Lieu Institut tibétain de Tihange, salle Tcheupel Ling cliquez ici pour trouver le [&hellip;]
