{"id":52124,"date":"2024-06-21T22:08:36","date_gmt":"2024-06-21T20:08:36","guid":{"rendered":"https:\/\/biodanza.be\/?post_type=events&#038;p=52124"},"modified":"2024-06-21T22:08:36","modified_gmt":"2024-06-21T20:08:36","slug":"%e2%9e%94-heusyseances-decouvertes-de-biodanzafrancis-fischer","status":"publish","type":"events","link":"https:\/\/biodanza.be\/nl\/activite\/%e2%9e%94-heusyseances-decouvertes-de-biodanzafrancis-fischer\/","title":{"rendered":"\u2794 <center><b>Heusy<\/b><br \/>S\u00e9ances d\u00e9couvertes de Biodanza<br \/>Francis Fischer<\/center>"},"content":{"rendered":"<div id=\"ConnectiveDocSignExtentionInstalled\" data-extension-version=\"1.0.4\">\r\n<div>\u00a0<\/div>\r\n<table class=\"tableausansbord\">\r\n<tbody>\r\n<tr>\r\n<td>\r\n<h1><strong>Biodanza ponctuel \u00e0 Heusy<\/strong><\/h1>\r\n<\/td>\r\n<\/tr>\r\n<tr>\r\n<td>\r\n<h3>Cours donn\u00e9 par Francis Fischer<\/h3>\r\n<\/td>\r\n<\/tr>\r\n<\/tbody>\r\n<\/table>\r\n<div>\r\n<p><em><strong>S\u00e9ances de d\u00e9couverte de Biodanza pour tous<\/strong><br \/>\r\n<br \/>\r\n<\/em><\/p>\r\n<\/div>\r\n<div>\r\n<table class=\"eventdataTable\">\r\n<tbody>\r\n<tr>\r\n<td align=\"center\"><small><strong>P\u00e9riode<\/strong><\/small><\/td>\r\n<td>4 s\u00e9ances : 10 et 24 juillet, 07 et 21 ao\u00fbt 2024<\/td>\r\n<\/tr>\r\n<tr>\r\n<td align=\"center\"><small><strong>Horaire<\/strong><\/small><\/td>\r\n<td>Mercredi de 20h00 \u00e0 22h30<\/td>\r\n<\/tr>\r\n<tr>\r\n<td align=\"center\"><small><strong>Rel\u00e2che<\/strong><\/small><\/td>\r\n<td>&nbsp;<\/td>\r\n<\/tr>\r\n<tr>\r\n<td align=\"center\"><small><strong>Lieu<\/strong><\/small><\/td>\r\n<td>Institut Notre Dame Heusy<\/td>\r\n<\/tr>\r\n<tr>\r\n<td align=\"center\"><small><strong>Co\u00fbt<\/strong><\/small><\/td>\r\n<td>10\u20ac la s\u00e9ance<\/td>\r\n<\/tr>\r\n<tr>\r\n<td align=\"center\"><small><strong>Inscriptions<\/strong><\/small><\/td>\r\n<td>Me contacter<\/td>\r\n<\/tr>\r\n<tr>\r\n<td align=\"center\"><small><strong>Informations<\/strong><\/small><\/td>\r\n<td>Renseignements et inscriptions au 0471 58 10\u00a0 Email: &#98;i&#x6f;d&#x61;n&#x7a;a&#x2e;f&#x72;a&#x6e;&#99;&#x69;&#115;&#x40;&#103;&#x6d;&#97;&#x69;&#108;&#x2e;&#99;&#x6f;&#109;<\/td>\r\n<\/tr>\r\n<tr>\r\n<td align=\"center\"><small><strong>Autres<\/strong><\/small><\/td>\r\n<td>&nbsp;<\/td>\r\n<\/tr>\r\n<\/tbody>\r\n<\/table>\r\n<\/div>\r\n<div>\u00a0<\/div>\r\n<h3><strong><a href=\"https:\/\/biodanza.be\/profs-list\/\" target=\"_blank\" rel=\"noopener noreferrer\">Liste des professeurs<\/a><\/strong><\/h3>\r\n<\/div>","protected":false},"excerpt":{"rendered":"\u00a0 Biodanza ponctuel \u00e0 Heusy Cours donn\u00e9 par Francis Fischer S\u00e9ances de d\u00e9couverte de Biodanza pour tous P\u00e9riode 4 s\u00e9ances : 10 et 24 juillet, 07 et 21 ao\u00fbt 2024 Horaire Mercredi de 20h00 \u00e0 22h30 Rel\u00e2che &nbsp; Lieu Institut Notre Dame Heusy Co\u00fbt 10\u20ac la s\u00e9ance Inscriptions Me contacter Informations Renseignements et inscriptions au [&hellip;]","protected":false},"author":1042,"featured_media":0,"menu_order":0,"comment_status":"closed","ping_status":"closed","template":"","calendar":[133],"organizer":[473],"province":[147],"ville":[610],"venue":[488],"class_list":["post-52124","events","type-events","status-publish","hentry","calendar-ponctuel","organizer-francis-fischer","province-liege","ville-heusy","venue-institut-notre-dame-verviers","entry"],"translation":{"provider":"WPGlobus","version":"3.0.2","language":"nl","enabled_languages":["fr","nl"],"languages":{"fr":{"title":true,"content":true,"excerpt":false},"nl":{"title":false,"content":false,"excerpt":false}}},"imc_loc":"","imc_img_tag":null,"_links":{"self":[{"href":"https:\/\/biodanza.be\/nl\/wp-json\/wp\/v2\/events\/52124","targetHints":{"allow":["GET"]}}],"collection":[{"href":"https:\/\/biodanza.be\/nl\/wp-json\/wp\/v2\/events"}],"about":[{"href":"https:\/\/biodanza.be\/nl\/wp-json\/wp\/v2\/types\/events"}],"author":[{"embeddable":true,"href":"https:\/\/biodanza.be\/nl\/wp-json\/wp\/v2\/users\/1042"}],"replies":[{"embeddable":true,"href":"https:\/\/biodanza.be\/nl\/wp-json\/wp\/v2\/comments?post=52124"}],"version-history":[{"count":2,"href":"https:\/\/biodanza.be\/nl\/wp-json\/wp\/v2\/events\/52124\/revisions"}],"predecessor-version":[{"id":52127,"href":"https:\/\/biodanza.be\/nl\/wp-json\/wp\/v2\/events\/52124\/revisions\/52127"}],"wp:attachment":[{"href":"https:\/\/biodanza.be\/nl\/wp-json\/wp\/v2\/media?parent=52124"}],"wp:term":[{"taxonomy":"calendar","embeddable":true,"href":"https:\/\/biodanza.be\/nl\/wp-json\/wp\/v2\/calendar?post=52124"},{"taxonomy":"organizer","embeddable":true,"href":"https:\/\/biodanza.be\/nl\/wp-json\/wp\/v2\/organizer?post=52124"},{"taxonomy":"province","embeddable":true,"href":"https:\/\/biodanza.be\/nl\/wp-json\/wp\/v2\/province?post=52124"},{"taxonomy":"ville","embeddable":true,"href":"https:\/\/biodanza.be\/nl\/wp-json\/wp\/v2\/ville?post=52124"},{"taxonomy":"venue","embeddable":true,"href":"https:\/\/biodanza.be\/nl\/wp-json\/wp\/v2\/venue?post=52124"}],"curies":[{"name":"wp","href":"https:\/\/api.w.org\/{rel}","templated":true}]}}

➔ <center><b>Heusy</b><br />Séances découvertes de Biodanza<br />Francis Fischer</center>

<div id="ConnectiveDocSignExtentionInstalled" data-extension-version="1.0.4">
<div> </div>
<table class="tableausansbord">
<tbody>
<tr>
<td>
<h1><strong>Biodanza ponctuel à Heusy</strong></h1>
</td>
</tr>
<tr>
<td>
<h3>Cours donné par Francis Fischer</h3>
</td>
</tr>
</tbody>
</table>
<div>
<p><em><strong>Séances de découverte de Biodanza pour tous</strong><br />
<br />
</em></p>
</div>
<div>
<table class="eventdataTable">
<tbody>
<tr>
<td align="center"><small><strong>Période</strong></small></td>
<td>4 séances : 10 et 24 juillet, 07 et 21 août 2024</td>
</tr>
<tr>
<td align="center"><small><strong>Horaire</strong></small></td>
<td>Mercredi de 20h00 à 22h30</td>
</tr>
<tr>
<td align="center"><small><strong>Relâche</strong></small></td>
<td>&nbsp;</td>
</tr>
<tr>
<td align="center"><small><strong>Lieu</strong></small></td>
<td>Institut Notre Dame Heusy</td>
</tr>
<tr>
<td align="center"><small><strong>Coût</strong></small></td>
<td>10€ la séance</td>
</tr>
<tr>
<td align="center"><small><strong>Inscriptions</strong></small></td>
<td>Me contacter</td>
</tr>
<tr>
<td align="center"><small><strong>Informations</strong></small></td>
<td>Renseignements et inscriptions au 0471 58 10  Email: &#98;i&#x6f;d&#x61;n&#x7a;a&#x2e;f&#x72;a&#x6e;&#99;&#x69;&#115;&#x40;&#103;&#x6d;&#97;&#x69;&#108;&#x2e;&#99;&#x6f;&#109;</td>
</tr>
<tr>
<td align="center"><small><strong>Autres</strong></small></td>
<td>&nbsp;</td>
</tr>
</tbody>
</table>
</div>
<div> </div>
<h3><strong><a href="https://biodanza.be/profs-list/" target="_blank" rel="noopener noreferrer">Liste des professeurs</a></strong></h3>
</div>

Biodanza ponctuel à Heusy Cours donné par Francis Fischer Séances de découverte de Biodanza pour tous Période 4 séances : 10 et 24 juillet, 07 et 21 août 2024 Horaire Mercredi de 20h00 à 22h30 Relâche &nbsp; Lieu Institut Notre Dame Heusy Coût 10€ la séance Inscriptions Me contacter Informations Renseignements et inscriptions au [&hellip;]
