{"id":52672,"date":"2024-07-18T11:27:06","date_gmt":"2024-07-18T09:27:06","guid":{"rendered":"https:\/\/biodanza.be\/?post_type=events&#038;p=52672"},"modified":"2025-08-20T18:01:08","modified_gmt":"2025-08-20T16:01:08","slug":"biodanza-valeriane-braine-l-alleud","status":"publish","type":"events","link":"https:\/\/biodanza.be\/nl\/activite\/biodanza-valeriane-braine-l-alleud\/","title":{"rendered":"Biodanza Val\u00e9riane &#8211; Braine-l&#8217;Alleud"},"content":{"rendered":"<img loading=\"lazy\" decoding=\"async\" class=\"alignnone size-medium wp-image-52664\" src=\"https:\/\/biodanza.be\/wp-content\/uploads\/2024\/07\/Valeriane-Bournonville-225x300.jpg\" alt=\"\" width=\"225\" height=\"300\" srcset=\"https:\/\/biodanza.be\/wp-content\/uploads\/2024\/07\/Valeriane-Bournonville-225x300.jpg 225w, https:\/\/biodanza.be\/wp-content\/uploads\/2024\/07\/Valeriane-Bournonville-768x1025.jpg 768w, https:\/\/biodanza.be\/wp-content\/uploads\/2024\/07\/Valeriane-Bournonville.jpg 1080w\" sizes=\"auto, (max-width: 225px) 100vw, 225px\" \/>\r\n\r\nTous les lundis apr\u00e8s-midi\r\n\r\nDe 14h30 \u00e0 16h30\r\n\r\nAccueil d\u00e8s 14h15\r\n\r\nAdresse : Complexe Sportif <span class=\"il\">Gaston<\/span> Reiff Rue Ernest Laurent 215, 1420 Braine-l&#8217;Alleud.\r\n\r\nCe cours est donn\u00e9 dans le cadre des activit\u00e9s ENEO BLA (pour les 50 ans et +). Toutes les infos pratiques peuvent \u00eatre obtenues en contactant B\u00e9atrice Tytgat au 0476 27 22 41.","protected":false},"excerpt":{"rendered":"Tous les lundis apr\u00e8s-midi De 14h30 \u00e0 16h30 Accueil d\u00e8s 14h15 Adresse : Complexe Sportif Gaston Reiff Rue Ernest Laurent 215, 1420 Braine-l&#8217;Alleud. Ce cours est donn\u00e9 dans le cadre des activit\u00e9s ENEO BLA (pour les 50 ans et +). Toutes les infos pratiques peuvent \u00eatre obtenues en contactant B\u00e9atrice Tytgat au 0476 27 22 [&hellip;]","protected":false},"author":54,"featured_media":0,"menu_order":0,"comment_status":"closed","ping_status":"closed","template":"","calendar":[],"organizer":[578],"province":[143],"ville":[150],"venue":[697],"class_list":["post-52672","events","type-events","status-publish","hentry","organizer-valeriane-bournonville","province-brabant-wallon","ville-braine-lalleud","venue-stade-gaston-reiff-braine-lalleud-2","entry"],"translation":{"provider":"WPGlobus","version":"3.0.2","language":"nl","enabled_languages":["fr","nl"],"languages":{"fr":{"title":true,"content":true,"excerpt":false},"nl":{"title":false,"content":false,"excerpt":false}}},"imc_loc":"","imc_img_tag":null,"_links":{"self":[{"href":"https:\/\/biodanza.be\/nl\/wp-json\/wp\/v2\/events\/52672","targetHints":{"allow":["GET"]}}],"collection":[{"href":"https:\/\/biodanza.be\/nl\/wp-json\/wp\/v2\/events"}],"about":[{"href":"https:\/\/biodanza.be\/nl\/wp-json\/wp\/v2\/types\/events"}],"author":[{"embeddable":true,"href":"https:\/\/biodanza.be\/nl\/wp-json\/wp\/v2\/users\/54"}],"replies":[{"embeddable":true,"href":"https:\/\/biodanza.be\/nl\/wp-json\/wp\/v2\/comments?post=52672"}],"version-history":[{"count":3,"href":"https:\/\/biodanza.be\/nl\/wp-json\/wp\/v2\/events\/52672\/revisions"}],"predecessor-version":[{"id":58171,"href":"https:\/\/biodanza.be\/nl\/wp-json\/wp\/v2\/events\/52672\/revisions\/58171"}],"wp:attachment":[{"href":"https:\/\/biodanza.be\/nl\/wp-json\/wp\/v2\/media?parent=52672"}],"wp:term":[{"taxonomy":"calendar","embeddable":true,"href":"https:\/\/biodanza.be\/nl\/wp-json\/wp\/v2\/calendar?post=52672"},{"taxonomy":"organizer","embeddable":true,"href":"https:\/\/biodanza.be\/nl\/wp-json\/wp\/v2\/organizer?post=52672"},{"taxonomy":"province","embeddable":true,"href":"https:\/\/biodanza.be\/nl\/wp-json\/wp\/v2\/province?post=52672"},{"taxonomy":"ville","embeddable":true,"href":"https:\/\/biodanza.be\/nl\/wp-json\/wp\/v2\/ville?post=52672"},{"taxonomy":"venue","embeddable":true,"href":"https:\/\/biodanza.be\/nl\/wp-json\/wp\/v2\/venue?post=52672"}],"curies":[{"name":"wp","href":"https:\/\/api.w.org\/{rel}","templated":true}]}}

Biodanza Valériane &#8211; Braine-l&#8217;Alleud

<img loading="lazy" decoding="async" class="alignnone size-medium wp-image-52664" src="https://biodanza.be/wp-content/uploads/2024/07/Valeriane-Bournonville-225x300.jpg" alt="" width="225" height="300" srcset="https://biodanza.be/wp-content/uploads/2024/07/Valeriane-Bournonville-225x300.jpg 225w, https://biodanza.be/wp-content/uploads/2024/07/Valeriane-Bournonville-768x1025.jpg 768w, https://biodanza.be/wp-content/uploads/2024/07/Valeriane-Bournonville.jpg 1080w" sizes="auto, (max-width: 225px) 100vw, 225px" />

Tous les lundis après-midi

De 14h30 à 16h30

Accueil dès 14h15

Adresse : Complexe Sportif <span class="il">Gaston</span> Reiff Rue Ernest Laurent 215, 1420 Braine-l&#8217;Alleud.

Ce cours est donné dans le cadre des activités ENEO BLA (pour les 50 ans et +). Toutes les infos pratiques peuvent être obtenues en contactant Béatrice Tytgat au 0476 27 22 41.

Tous les lundis après-midi De 14h30 à 16h30 Accueil dès 14h15 Adresse : Complexe Sportif Gaston Reiff Rue Ernest Laurent 215, 1420 Braine-l&#8217;Alleud. Ce cours est donné dans le cadre des activités ENEO BLA (pour les 50 ans et +). Toutes les infos pratiques peuvent être obtenues en contactant Béatrice Tytgat au 0476 27 22 [&hellip;]
