{"id":52823,"date":"2024-08-03T12:26:21","date_gmt":"2024-08-03T10:26:21","guid":{"rendered":"https:\/\/biodanza.be\/?post_type=events&#038;p=52823"},"modified":"2024-08-12T15:20:40","modified_gmt":"2024-08-12T13:20:40","slug":"biodanza-estivale-bruxelles","status":"publish","type":"events","link":"https:\/\/biodanza.be\/nl\/activite\/biodanza-estivale-bruxelles\/","title":{"rendered":"Biodanza Estivale et auberge espagnole avec Benita &#8211; Bruxelles &#8211; Woluw\u00e9-St-Pierre &#8211; Fraternit\u00e9s du Bon Pasteur &#8211; Rue au Bois 365b \u2013 1150 Bxl Tram 39 (Montgomery \u2013 Ban Eik) arr\u00eat : rue au Bois ou Bus 36 (Schuman-Konkel) arr\u00eat: Manoir d&#8217;Anjou"},"content":{"rendered":"<div>\u2794<center><b>Bruxelles<\/b>\r\nBiodanza Estivale\r\nBenita<\/center><\/div>\r\n<table class=\"tableausansbord\">\r\n<tbody>\r\n<tr>\r\n<td>\r\n<h1><span style=\"color: #8b0000;\"><strong>Biodanza estivale suivie d&#8217;une auberge espagnole avec Benita [ponctuel] \u00e0 <\/strong><\/span><span style=\"color: #8b0000;\"><span style=\"caret-color: #8b0000;\">Bruxelles Fraternit\u00e9s du Bon Pasteur &#8211; Rue au Bois 365b \u2013 1150 Bxl Tram 39 (Montgomery \u2013 Ban Eik) arr\u00eat : rue au Bois ou Bus 36 (Schuman-Konkel) arr\u00eat: Manoir d&#8217;Anjou<\/span><\/span><\/h1>\r\n<\/td>\r\n<\/tr>\r\n<tr>\r\n<td>\r\n<h3><span style=\"color: #8b0000;\">Cours donn\u00e9 par Benita facilitatrice didacte<\/span><\/h3>\r\n<\/td>\r\n<\/tr>\r\n<\/tbody>\r\n<\/table>\r\n<div>\r\n\r\n<span style=\"color: #8b0000;\"><em><b>Vivencia exceptionnelle en pleine nature aux Fraternit\u00e9s de Bon Pasteur\u00a0<\/b>\r\nVivencia suivie d&#8217;un go\u00fbter Auberge Espagnole<\/em><\/span>\r\n\r\n<\/div>\r\n<div>\r\n<table class=\"eventdataTable\">\r\n<tbody>\r\n<tr>\r\n<td align=\"center\"><small><strong>P\u00e9riode<\/strong><\/small><\/td>\r\n<td>15\/08\/2024<\/td>\r\n<\/tr>\r\n<tr>\r\n<td align=\"center\"><small><strong>Horaire<\/strong><\/small><\/td>\r\n<td>14h00 n- 16h30<\/td>\r\n<\/tr>\r\n<tr>\r\n<td align=\"center\"><small><strong>Rel\u00e2che<\/strong><\/small><\/td>\r\n<td>[jours de rel\u00e2che si oui. Non, sinon]<\/td>\r\n<\/tr>\r\n<tr>\r\n<td align=\"center\"><span style=\"font-size: small;\"><b>Lieu<\/b><\/span><\/td>\r\n<td>\u00a0Fraternit\u00e9s du Bon Pasteur &#8211; Rue au Bois 365b 1150 Woluw\u00e9 St Pierre &#8211;<\/td>\r\n<\/tr>\r\n<tr>\r\n<td align=\"center\"><small><strong>Co\u00fbt<\/strong><\/small><\/td>\r\n<td>15 euros<\/td>\r\n<\/tr>\r\n<tr>\r\n<td align=\"center\"><small><strong>Inscriptions<\/strong><\/small><\/td>\r\n<td>me contacter<\/td>\r\n<\/tr>\r\n<tr>\r\n<td align=\"center\"><small><strong>Informations<\/strong><\/small><\/td>\r\n<td>T\u00e9l : 0479421912\/ Email: &#x62;&#x69;&#111;&#100;a&#x6e;&#x7a;&#x61;&#52;&#121;o&#x75;&#x40;&#x67;&#109;&#97;i&#x6c;&#x2e;&#x63;&#111;&#109;<\/td>\r\n<\/tr>\r\n<tr>\r\n<td align=\"center\"><small><strong>Autres<\/strong><\/small><\/td>\r\n<td>inscription souhait\u00e9e\r\n\r\n<style>.entry-content a{color:#1e90ff;text-decoration:none!important;}<\/style><\/td>\r\n<\/tr>\r\n<\/tbody>\r\n<\/table>\r\n<\/div>\r\n<h3><strong><a href=\"https:\/\/biodanza.be\/profs-list\/\" target=\"_blank\" rel=\"noopener noreferrer\">Liste des professeurs<\/a><\/strong><\/h3>","protected":false},"excerpt":{"rendered":"\u2794Bruxelles Biodanza Estivale Benita Biodanza estivale suivie d&#8217;une auberge espagnole avec Benita [ponctuel] \u00e0 Bruxelles Fraternit\u00e9s du Bon Pasteur &#8211; Rue au Bois 365b \u2013 1150 Bxl Tram 39 (Montgomery \u2013 Ban Eik) arr\u00eat : rue au Bois ou Bus 36 (Schuman-Konkel) arr\u00eat: Manoir d&#8217;Anjou Cours donn\u00e9 par Benita facilitatrice didacte Vivencia exceptionnelle en pleine [&hellip;]","protected":false},"author":16,"featured_media":0,"menu_order":0,"comment_status":"closed","ping_status":"closed","template":"","calendar":[133],"organizer":[190],"province":[142],"ville":[163],"venue":[254],"class_list":["post-52823","events","type-events","status-publish","hentry","calendar-ponctuel","organizer-benita-benedicta-de-smet","province-bruxelles","ville-bruxelles","venue-fraternites-du-bon-pasteur","entry"],"translation":{"provider":"WPGlobus","version":"3.0.2","language":"nl","enabled_languages":["fr","nl"],"languages":{"fr":{"title":true,"content":true,"excerpt":false},"nl":{"title":false,"content":false,"excerpt":false}}},"imc_loc":"","imc_img_tag":null,"_links":{"self":[{"href":"https:\/\/biodanza.be\/nl\/wp-json\/wp\/v2\/events\/52823","targetHints":{"allow":["GET"]}}],"collection":[{"href":"https:\/\/biodanza.be\/nl\/wp-json\/wp\/v2\/events"}],"about":[{"href":"https:\/\/biodanza.be\/nl\/wp-json\/wp\/v2\/types\/events"}],"author":[{"embeddable":true,"href":"https:\/\/biodanza.be\/nl\/wp-json\/wp\/v2\/users\/16"}],"replies":[{"embeddable":true,"href":"https:\/\/biodanza.be\/nl\/wp-json\/wp\/v2\/comments?post=52823"}],"version-history":[{"count":9,"href":"https:\/\/biodanza.be\/nl\/wp-json\/wp\/v2\/events\/52823\/revisions"}],"predecessor-version":[{"id":52962,"href":"https:\/\/biodanza.be\/nl\/wp-json\/wp\/v2\/events\/52823\/revisions\/52962"}],"wp:attachment":[{"href":"https:\/\/biodanza.be\/nl\/wp-json\/wp\/v2\/media?parent=52823"}],"wp:term":[{"taxonomy":"calendar","embeddable":true,"href":"https:\/\/biodanza.be\/nl\/wp-json\/wp\/v2\/calendar?post=52823"},{"taxonomy":"organizer","embeddable":true,"href":"https:\/\/biodanza.be\/nl\/wp-json\/wp\/v2\/organizer?post=52823"},{"taxonomy":"province","embeddable":true,"href":"https:\/\/biodanza.be\/nl\/wp-json\/wp\/v2\/province?post=52823"},{"taxonomy":"ville","embeddable":true,"href":"https:\/\/biodanza.be\/nl\/wp-json\/wp\/v2\/ville?post=52823"},{"taxonomy":"venue","embeddable":true,"href":"https:\/\/biodanza.be\/nl\/wp-json\/wp\/v2\/venue?post=52823"}],"curies":[{"name":"wp","href":"https:\/\/api.w.org\/{rel}","templated":true}]}}

Biodanza Estivale et auberge espagnole avec Benita &#8211; Bruxelles &#8211; Woluwé-St-Pierre &#8211; Fraternités du Bon Pasteur &#8211; Rue au Bois 365b – 1150 Bxl Tram 39 (Montgomery – Ban Eik) arrêt : rue au Bois ou Bus 36 (Schuman-Konkel) arrêt: Manoir d&#8217;Anjou

<div>➔<center><b>Bruxelles</b>
Biodanza Estivale
Benita</center></div>
<table class="tableausansbord">
<tbody>
<tr>
<td>
<h1><span style="color: #8b0000;"><strong>Biodanza estivale suivie d&#8217;une auberge espagnole avec Benita [ponctuel] à </strong></span><span style="color: #8b0000;"><span style="caret-color: #8b0000;">Bruxelles Fraternités du Bon Pasteur &#8211; Rue au Bois 365b – 1150 Bxl Tram 39 (Montgomery – Ban Eik) arrêt : rue au Bois ou Bus 36 (Schuman-Konkel) arrêt: Manoir d&#8217;Anjou</span></span></h1>
</td>
</tr>
<tr>
<td>
<h3><span style="color: #8b0000;">Cours donné par Benita facilitatrice didacte</span></h3>
</td>
</tr>
</tbody>
</table>
<div>

<span style="color: #8b0000;"><em><b>Vivencia exceptionnelle en pleine nature aux Fraternités de Bon Pasteur </b>
Vivencia suivie d&#8217;un goûter Auberge Espagnole</em></span>

</div>
<div>
<table class="eventdataTable">
<tbody>
<tr>
<td align="center"><small><strong>Période</strong></small></td>
<td>15/08/2024</td>
</tr>
<tr>
<td align="center"><small><strong>Horaire</strong></small></td>
<td>14h00 n- 16h30</td>
</tr>
<tr>
<td align="center"><small><strong>Relâche</strong></small></td>
<td>[jours de relâche si oui. Non, sinon]</td>
</tr>
<tr>
<td align="center"><span style="font-size: small;"><b>Lieu</b></span></td>
<td> Fraternités du Bon Pasteur &#8211; Rue au Bois 365b 1150 Woluwé St Pierre &#8211;</td>
</tr>
<tr>
<td align="center"><small><strong>Coût</strong></small></td>
<td>15 euros</td>
</tr>
<tr>
<td align="center"><small><strong>Inscriptions</strong></small></td>
<td>me contacter</td>
</tr>
<tr>
<td align="center"><small><strong>Informations</strong></small></td>
<td>Tél : 0479421912/ Email: &#x62;&#x69;&#111;&#100;a&#x6e;&#x7a;&#x61;&#52;&#121;o&#x75;&#x40;&#x67;&#109;&#97;i&#x6c;&#x2e;&#x63;&#111;&#109;</td>
</tr>
<tr>
<td align="center"><small><strong>Autres</strong></small></td>
<td>inscription souhaitée

<style>.entry-content a{color:#1e90ff;text-decoration:none!important;}</style></td>
</tr>
</tbody>
</table>
</div>
<h3><strong><a href="https://biodanza.be/profs-list/" target="_blank" rel="noopener noreferrer">Liste des professeurs</a></strong></h3>

➔Bruxelles Biodanza Estivale Benita Biodanza estivale suivie d&#8217;une auberge espagnole avec Benita [ponctuel] à Bruxelles Fraternités du Bon Pasteur &#8211; Rue au Bois 365b – 1150 Bxl Tram 39 (Montgomery – Ban Eik) arrêt : rue au Bois ou Bus 36 (Schuman-Konkel) arrêt: Manoir d&#8217;Anjou Cours donné par Benita facilitatrice didacte Vivencia exceptionnelle en pleine [&hellip;]
