{"id":53952,"date":"2024-10-23T15:56:21","date_gmt":"2024-10-23T13:56:21","guid":{"rendered":"https:\/\/biodanza.be\/?post_type=events&#038;p=53952"},"modified":"2025-01-15T18:53:40","modified_gmt":"2025-01-15T17:53:40","slug":"biodanza-hebdomadaire-libramont-st-pierre","status":"publish","type":"events","link":"https:\/\/biodanza.be\/nl\/activite\/biodanza-hebdomadaire-libramont-st-pierre\/","title":{"rendered":"St.-Pierre (Libramont &#8211; Chevigny), cours Biodanza hebdo, Caroline Dekeyser"},"content":{"rendered":"<div><\/div>\r\n<table class=\"tableausansbord\">\r\n<tbody>\r\n<tr>\r\n<td>\r\n<h1><span style=\"color: #8b0000;\"><strong>St.-Pierre (Libramont-Chevigny), cours Biodanza hebdo, Caroline Dekeyser<\/strong><\/span><\/h1>\r\n<\/td>\r\n<\/tr>\r\n<tr>\r\n<td>\r\n<h3><span style=\"color: #8b0000;\">Cours donn\u00e9 par Caroline Dekeyser, professeur didacte de Biodanza<\/span><\/h3>\r\n<\/td>\r\n<\/tr>\r\n<\/tbody>\r\n<\/table>\r\n<div><\/div>\r\n<div>\r\n<table class=\"eventdataTable\">\r\n<tbody>\r\n<tr>\r\n<td align=\"center\"><small><strong>P\u00e9riode<\/strong><\/small><\/td>\r\n<td>3 octobre \u00e0 17 d\u00e9cembre 2024<\/td>\r\n<\/tr>\r\n<tr>\r\n<td align=\"center\"><small><strong>Horaire<\/strong><\/small><\/td>\r\n<td>jeudi matin de 10h \u00e0 11h45, accueil 9:45<\/td>\r\n<\/tr>\r\n<tr>\r\n<td align=\"center\"><small><strong>Rel\u00e2che<\/strong><\/small><\/td>\r\n<td>7 novembre 2024<\/td>\r\n<\/tr>\r\n<tr>\r\n<td align=\"center\"><small><strong>Lieu<\/strong><\/small><\/td>\r\n<td>rue Fosse Moray 34, 6800 St.-Pierre (Libramont-Chevigny)<\/td>\r\n<\/tr>\r\n<tr>\r\n<td align=\"center\"><\/td>\r\n<td><a href=\"https:\/\/www.google.com\/maps\/place\/Rue+Fosse+Moray+36,+6800+Libramont-Chevigny\/@49.9055019,5.3757347,17z\/data=!3m1!4b1!4m6!3m5!1s0x47c029ce3565d3c7:0xd7a74e5265dc8b54!8m2!3d49.9054985!4d5.3806002!16s%2Fg%2F11fpq8lxdc?authuser=0&amp;entry=ttu&amp;g_ep=EgoyMDI0MTAyMy4wIKXMDSoASAFQAw%3D%3D\" target=\"_blank\" rel=\"noopener\">O\u00f9<\/a><\/td>\r\n<\/tr>\r\n<tr>\r\n<td align=\"center\"><small><strong>Inscriptions<\/strong><\/small><\/td>\r\n<td>me contacter<\/td>\r\n<\/tr>\r\n<tr>\r\n<td align=\"center\"><small><strong>Informations<\/strong><\/small><\/td>\r\n<td>Email: &#x63;&#x61;&#114;o&#x6c;&#x69;&#110;e&#64;&#x62;&#x69;&#111;d&#x61;&#x6e;&#122;&#97;-&#x6c;&#x75;&#120;&#46;&#x63;&#x6f;&#109;\r\nSite web: www.biodanza-lux.com<\/td>\r\n<\/tr>\r\n<tr>\r\n<td align=\"center\"><small><strong>Autres<\/strong><\/small><\/td>\r\n<td>cours ouvert \u00e0 toutes et tous<\/td>\r\n<\/tr>\r\n<\/tbody>\r\n<\/table>\r\n<\/div>\r\n<div><style>.entry-content a{color:#1e90ff;text-decoration:none!important;}<\/style><\/div>\r\n<h3><strong><a href=\"https:\/\/biodanza.be\/profs-list\/\" target=\"_blank\" rel=\"noopener noreferrer\">Liste des professeurs<\/a><\/strong><\/h3>","protected":false},"excerpt":{"rendered":"St.-Pierre (Libramont-Chevigny), cours Biodanza hebdo, Caroline Dekeyser Cours donn\u00e9 par Caroline Dekeyser, professeur didacte de Biodanza P\u00e9riode 3 octobre \u00e0 17 d\u00e9cembre 2024 Horaire jeudi matin de 10h \u00e0 11h45, accueil 9:45 Rel\u00e2che 7 novembre 2024 Lieu rue Fosse Moray 34, 6800 St.-Pierre (Libramont-Chevigny) O\u00f9 Inscriptions me contacter Informations Email: c&#97;&#x72;&#x6f;l&#105;&#110;&#x65;&#x40;b&#105;&#111;&#x64;&#x61;n&#122;&#x61;&#x2d;&#x6c;u&#120;&#x2e;&#x63;o&#109; Site web: www.biodanza-lux.com Autres [&hellip;]","protected":false},"author":1019,"featured_media":0,"menu_order":0,"comment_status":"closed","ping_status":"closed","template":"","calendar":[132],"organizer":[326],"province":[146],"ville":[645],"venue":[654],"class_list":["post-53952","events","type-events","status-publish","hentry","calendar-hebdo","organizer-caroline-dekeyser","province-luxembourg","ville-libramont-chevigny","venue-biodanza-st-pierre-libramont-chevigny","entry"],"translation":{"provider":"WPGlobus","version":"3.0.2","language":"nl","enabled_languages":["fr","nl"],"languages":{"fr":{"title":true,"content":true,"excerpt":false},"nl":{"title":false,"content":false,"excerpt":false}}},"imc_loc":"","imc_img_tag":null,"_links":{"self":[{"href":"https:\/\/biodanza.be\/nl\/wp-json\/wp\/v2\/events\/53952","targetHints":{"allow":["GET"]}}],"collection":[{"href":"https:\/\/biodanza.be\/nl\/wp-json\/wp\/v2\/events"}],"about":[{"href":"https:\/\/biodanza.be\/nl\/wp-json\/wp\/v2\/types\/events"}],"author":[{"embeddable":true,"href":"https:\/\/biodanza.be\/nl\/wp-json\/wp\/v2\/users\/1019"}],"replies":[{"embeddable":true,"href":"https:\/\/biodanza.be\/nl\/wp-json\/wp\/v2\/comments?post=53952"}],"version-history":[{"count":8,"href":"https:\/\/biodanza.be\/nl\/wp-json\/wp\/v2\/events\/53952\/revisions"}],"predecessor-version":[{"id":56179,"href":"https:\/\/biodanza.be\/nl\/wp-json\/wp\/v2\/events\/53952\/revisions\/56179"}],"wp:attachment":[{"href":"https:\/\/biodanza.be\/nl\/wp-json\/wp\/v2\/media?parent=53952"}],"wp:term":[{"taxonomy":"calendar","embeddable":true,"href":"https:\/\/biodanza.be\/nl\/wp-json\/wp\/v2\/calendar?post=53952"},{"taxonomy":"organizer","embeddable":true,"href":"https:\/\/biodanza.be\/nl\/wp-json\/wp\/v2\/organizer?post=53952"},{"taxonomy":"province","embeddable":true,"href":"https:\/\/biodanza.be\/nl\/wp-json\/wp\/v2\/province?post=53952"},{"taxonomy":"ville","embeddable":true,"href":"https:\/\/biodanza.be\/nl\/wp-json\/wp\/v2\/ville?post=53952"},{"taxonomy":"venue","embeddable":true,"href":"https:\/\/biodanza.be\/nl\/wp-json\/wp\/v2\/venue?post=53952"}],"curies":[{"name":"wp","href":"https:\/\/api.w.org\/{rel}","templated":true}]}}

<div></div>
<table class="tableausansbord">
<tbody>
<tr>
<td>
<h1><span style="color: #8b0000;"><strong>St.-Pierre (Libramont-Chevigny), cours Biodanza hebdo, Caroline Dekeyser</strong></span></h1>
</td>
</tr>
<tr>
<td>
<h3><span style="color: #8b0000;">Cours donné par Caroline Dekeyser, professeur didacte de Biodanza</span></h3>
</td>
</tr>
</tbody>
</table>
<div></div>
<div>
<table class="eventdataTable">
<tbody>
<tr>
<td align="center"><small><strong>Période</strong></small></td>
<td>3 octobre à 17 décembre 2024</td>
</tr>
<tr>
<td align="center"><small><strong>Horaire</strong></small></td>
<td>jeudi matin de 10h à 11h45, accueil 9:45</td>
</tr>
<tr>
<td align="center"><small><strong>Relâche</strong></small></td>
<td>7 novembre 2024</td>
</tr>
<tr>
<td align="center"><small><strong>Lieu</strong></small></td>
<td>rue Fosse Moray 34, 6800 St.-Pierre (Libramont-Chevigny)</td>
</tr>
<tr>
<td align="center"></td>
<td><a href="https://www.google.com/maps/place/Rue+Fosse+Moray+36,+6800+Libramont-Chevigny/@49.9055019,5.3757347,17z/data=!3m1!4b1!4m6!3m5!1s0x47c029ce3565d3c7:0xd7a74e5265dc8b54!8m2!3d49.9054985!4d5.3806002!16s%2Fg%2F11fpq8lxdc?authuser=0&amp;entry=ttu&amp;g_ep=EgoyMDI0MTAyMy4wIKXMDSoASAFQAw%3D%3D" target="_blank" rel="noopener">Où</a></td>
</tr>
<tr>
<td align="center"><small><strong>Inscriptions</strong></small></td>
<td>me contacter</td>
</tr>
<tr>
<td align="center"><small><strong>Informations</strong></small></td>
<td>Email: &#x63;&#x61;&#114;o&#x6c;&#x69;&#110;e&#64;&#x62;&#x69;&#111;d&#x61;&#x6e;&#122;&#97;-&#x6c;&#x75;&#120;&#46;&#x63;&#x6f;&#109;
Site web: www.biodanza-lux.com</td>
</tr>
<tr>
<td align="center"><small><strong>Autres</strong></small></td>
<td>cours ouvert à toutes et tous</td>
</tr>
</tbody>
</table>
</div>
<div><style>.entry-content a{color:#1e90ff;text-decoration:none!important;}</style></div>
<h3><strong><a href="https://biodanza.be/profs-list/" target="_blank" rel="noopener noreferrer">Liste des professeurs</a></strong></h3>

St.-Pierre (Libramont-Chevigny), cours Biodanza hebdo, Caroline Dekeyser Cours donné par Caroline Dekeyser, professeur didacte de Biodanza Période 3 octobre à 17 décembre 2024 Horaire jeudi matin de 10h à 11h45, accueil 9:45 Relâche 7 novembre 2024 Lieu rue Fosse Moray 34, 6800 St.-Pierre (Libramont-Chevigny) Où Inscriptions me contacter Informations Email: c&#97;&#x72;&#x6f;l&#105;&#110;&#x65;&#x40;b&#105;&#111;&#x64;&#x61;n&#122;&#x61;&#x2d;&#x6c;u&#120;&#x2e;&#x63;o&#109; Site web: www.biodanza-lux.com Autres [&hellip;]
