{"id":53957,"date":"2024-10-23T19:39:07","date_gmt":"2024-10-23T17:39:07","guid":{"rendered":"https:\/\/biodanza.be\/?post_type=events&#038;p=53957"},"modified":"2024-11-20T18:52:22","modified_gmt":"2024-11-20T17:52:22","slug":"biodanza-libramont-chevigny-freux","status":"publish","type":"events","link":"https:\/\/biodanza.be\/nl\/activite\/biodanza-libramont-chevigny-freux\/","title":{"rendered":"Freux (Libramont &#8211; Chevigny), cours Biodanza hebdo, Caroline Dekeyser"},"content":{"rendered":"<div><\/div>\r\n<table class=\"tableausansbord\">\r\n<tbody>\r\n<tr>\r\n<td>\r\n<h1><span style=\"color: #8b0000;\"><strong>Freux (Libramont-Chevigny), cours Biodanza hebdo, Caroline Dekeyser<\/strong><\/span><\/h1>\r\n<\/td>\r\n<\/tr>\r\n<tr>\r\n<td>\r\n<h3><span style=\"color: #8b0000;\">Cours donn\u00e9 par Caroline Dekeyser, professeur et didacte de Biodanza<\/span><\/h3>\r\n<\/td>\r\n<\/tr>\r\n<\/tbody>\r\n<\/table>\r\n<div>\r\n<table class=\"eventdataTable\">\r\n<tbody>\r\n<tr>\r\n<td align=\"center\"><small><strong>P\u00e9riode<\/strong><\/small><\/td>\r\n<td>3.10.2024 au 19.12.2024<\/td>\r\n<\/tr>\r\n<tr>\r\n<td align=\"center\"><small><strong>Horaire<\/strong><\/small><\/td>\r\n<td>Jeudi 13:30 \u00e0 15:30<\/td>\r\n<\/tr>\r\n<tr>\r\n<td align=\"center\"><small><strong>Rel\u00e2che<\/strong><\/small><\/td>\r\n<td>10.10.24, 24.10.24, 07.11.24<\/td>\r\n<\/tr>\r\n<tr>\r\n<td align=\"center\"><span style=\"font-size: 13.3333px;\"><b>Lieu<\/b><\/span><\/td>\r\n<td>rue de la Cortaille 68, 6800 Libramont-Chevigny<\/td>\r\n<\/tr>\r\n<tr>\r\n<td align=\"center\"><\/td>\r\n<td><a href=\"https:\/\/www.google.com\/maps\/place\/Rue+de+la+Cortaille+68,+6800+Libramont-Chevigny\/@49.9659662,5.4382897,17z\/data=!3m1!4b1!4m10!1m2!2m1!1sDu+Temps+au+Temps,+Rue+de+la+Cortaille+68!3m6!1s0x47c028aedf2f3991:0x2826599d5fcbcfda!8m2!3d49.9659629!4d5.4431552!15sCilEdSBUZW1wcyBhdSBUZW1wcywgUnVlIGRlIGxhIENvcnRhaWxsZSA2OJIBEWNvbXBvdW5kX2J1aWxkaW5n4AEA!16s%2Fg%2F11c4_mfp0q?authuser=0&amp;entry=ttu&amp;g_ep=EgoyMDI0MTAyMy4wIKXMDSoASAFQAw%3D%3D\" target=\"_blank\" rel=\"noopener\">trouver o\u00f9<\/a><\/td>\r\n<\/tr>\r\n<tr>\r\n<td align=\"center\"><small><strong>Inscriptions<\/strong><\/small><\/td>\r\n<td>me contacter<\/td>\r\n<\/tr>\r\n<tr>\r\n<td align=\"center\"><small><strong>Informations<\/strong><\/small><\/td>\r\n<td>via Email \u00e0 &#x63;&#97;r&#x6f;&#108;i&#x6e;&#101;&#64;&#x62;&#105;o&#x64;&#97;n&#x7a;&#x61;-&#x6c;&#x75;&#120;&#x2e;&#x63;&#111;&#x6d;\r\nSite web: www.biodanza-lux.com<\/td>\r\n<\/tr>\r\n<tr>\r\n<td align=\"center\"><small><strong>Autres<\/strong><\/small><\/td>\r\n<td>cours ouvert \u00e0 toutes et tous<\/td>\r\n<\/tr>\r\n<\/tbody>\r\n<\/table>\r\n<\/div>\r\n<div><style>.entry-content a{color:#1e90ff;text-decoration:none!important;}<\/style><\/div>\r\n<h3><strong><a href=\"https:\/\/biodanza.be\/profs-list\/\" target=\"_blank\" rel=\"noopener noreferrer\">Liste des professeurs<\/a><\/strong><\/h3>","protected":false},"excerpt":{"rendered":"Freux (Libramont-Chevigny), cours Biodanza hebdo, Caroline Dekeyser Cours donn\u00e9 par Caroline Dekeyser, professeur et didacte de Biodanza P\u00e9riode 3.10.2024 au 19.12.2024 Horaire Jeudi 13:30 \u00e0 15:30 Rel\u00e2che 10.10.24, 24.10.24, 07.11.24 Lieu rue de la Cortaille 68, 6800 Libramont-Chevigny trouver o\u00f9 Inscriptions me contacter Informations via Email \u00e0 &#x63;&#x61;&#114;o&#x6c;&#x69;&#110;e&#64;&#x62;&#x69;&#111;d&#x61;&#x6e;&#122;&#97;-&#x6c;&#x75;&#120;&#46;&#x63;&#x6f;&#109; Site web: www.biodanza-lux.com Autres cours ouvert \u00e0 [&hellip;]","protected":false},"author":1019,"featured_media":0,"menu_order":0,"comment_status":"closed","ping_status":"closed","template":"","calendar":[132],"organizer":[326],"province":[146],"ville":[645],"venue":[655],"class_list":["post-53957","events","type-events","status-publish","hentry","calendar-hebdo","organizer-caroline-dekeyser","province-luxembourg","ville-libramont-chevigny","venue-biodanza-libramont-chevigny","entry"],"translation":{"provider":"WPGlobus","version":"3.0.2","language":"nl","enabled_languages":["fr","nl"],"languages":{"fr":{"title":true,"content":true,"excerpt":false},"nl":{"title":false,"content":false,"excerpt":false}}},"imc_loc":"","imc_img_tag":null,"_links":{"self":[{"href":"https:\/\/biodanza.be\/nl\/wp-json\/wp\/v2\/events\/53957","targetHints":{"allow":["GET"]}}],"collection":[{"href":"https:\/\/biodanza.be\/nl\/wp-json\/wp\/v2\/events"}],"about":[{"href":"https:\/\/biodanza.be\/nl\/wp-json\/wp\/v2\/types\/events"}],"author":[{"embeddable":true,"href":"https:\/\/biodanza.be\/nl\/wp-json\/wp\/v2\/users\/1019"}],"replies":[{"embeddable":true,"href":"https:\/\/biodanza.be\/nl\/wp-json\/wp\/v2\/comments?post=53957"}],"version-history":[{"count":5,"href":"https:\/\/biodanza.be\/nl\/wp-json\/wp\/v2\/events\/53957\/revisions"}],"predecessor-version":[{"id":56180,"href":"https:\/\/biodanza.be\/nl\/wp-json\/wp\/v2\/events\/53957\/revisions\/56180"}],"wp:attachment":[{"href":"https:\/\/biodanza.be\/nl\/wp-json\/wp\/v2\/media?parent=53957"}],"wp:term":[{"taxonomy":"calendar","embeddable":true,"href":"https:\/\/biodanza.be\/nl\/wp-json\/wp\/v2\/calendar?post=53957"},{"taxonomy":"organizer","embeddable":true,"href":"https:\/\/biodanza.be\/nl\/wp-json\/wp\/v2\/organizer?post=53957"},{"taxonomy":"province","embeddable":true,"href":"https:\/\/biodanza.be\/nl\/wp-json\/wp\/v2\/province?post=53957"},{"taxonomy":"ville","embeddable":true,"href":"https:\/\/biodanza.be\/nl\/wp-json\/wp\/v2\/ville?post=53957"},{"taxonomy":"venue","embeddable":true,"href":"https:\/\/biodanza.be\/nl\/wp-json\/wp\/v2\/venue?post=53957"}],"curies":[{"name":"wp","href":"https:\/\/api.w.org\/{rel}","templated":true}]}}

<div></div>
<table class="tableausansbord">
<tbody>
<tr>
<td>
<h1><span style="color: #8b0000;"><strong>Freux (Libramont-Chevigny), cours Biodanza hebdo, Caroline Dekeyser</strong></span></h1>
</td>
</tr>
<tr>
<td>
<h3><span style="color: #8b0000;">Cours donné par Caroline Dekeyser, professeur et didacte de Biodanza</span></h3>
</td>
</tr>
</tbody>
</table>
<div>
<table class="eventdataTable">
<tbody>
<tr>
<td align="center"><small><strong>Période</strong></small></td>
<td>3.10.2024 au 19.12.2024</td>
</tr>
<tr>
<td align="center"><small><strong>Horaire</strong></small></td>
<td>Jeudi 13:30 à 15:30</td>
</tr>
<tr>
<td align="center"><small><strong>Relâche</strong></small></td>
<td>10.10.24, 24.10.24, 07.11.24</td>
</tr>
<tr>
<td align="center"><span style="font-size: 13.3333px;"><b>Lieu</b></span></td>
<td>rue de la Cortaille 68, 6800 Libramont-Chevigny</td>
</tr>
<tr>
<td align="center"></td>
<td><a href="https://www.google.com/maps/place/Rue+de+la+Cortaille+68,+6800+Libramont-Chevigny/@49.9659662,5.4382897,17z/data=!3m1!4b1!4m10!1m2!2m1!1sDu+Temps+au+Temps,+Rue+de+la+Cortaille+68!3m6!1s0x47c028aedf2f3991:0x2826599d5fcbcfda!8m2!3d49.9659629!4d5.4431552!15sCilEdSBUZW1wcyBhdSBUZW1wcywgUnVlIGRlIGxhIENvcnRhaWxsZSA2OJIBEWNvbXBvdW5kX2J1aWxkaW5n4AEA!16s%2Fg%2F11c4_mfp0q?authuser=0&amp;entry=ttu&amp;g_ep=EgoyMDI0MTAyMy4wIKXMDSoASAFQAw%3D%3D" target="_blank" rel="noopener">trouver où</a></td>
</tr>
<tr>
<td align="center"><small><strong>Inscriptions</strong></small></td>
<td>me contacter</td>
</tr>
<tr>
<td align="center"><small><strong>Informations</strong></small></td>
<td>via Email à &#x63;&#97;r&#x6f;&#108;i&#x6e;&#101;&#64;&#x62;&#105;o&#x64;&#97;n&#x7a;&#x61;-&#x6c;&#x75;&#120;&#x2e;&#x63;&#111;&#x6d;
Site web: www.biodanza-lux.com</td>
</tr>
<tr>
<td align="center"><small><strong>Autres</strong></small></td>
<td>cours ouvert à toutes et tous</td>
</tr>
</tbody>
</table>
</div>
<div><style>.entry-content a{color:#1e90ff;text-decoration:none!important;}</style></div>
<h3><strong><a href="https://biodanza.be/profs-list/" target="_blank" rel="noopener noreferrer">Liste des professeurs</a></strong></h3>

Freux (Libramont-Chevigny), cours Biodanza hebdo, Caroline Dekeyser Cours donné par Caroline Dekeyser, professeur et didacte de Biodanza Période 3.10.2024 au 19.12.2024 Horaire Jeudi 13:30 à 15:30 Relâche 10.10.24, 24.10.24, 07.11.24 Lieu rue de la Cortaille 68, 6800 Libramont-Chevigny trouver où Inscriptions me contacter Informations via Email à &#x63;&#x61;&#114;o&#x6c;&#x69;&#110;e&#64;&#x62;&#x69;&#111;d&#x61;&#x6e;&#122;&#97;-&#x6c;&#x75;&#120;&#46;&#x63;&#x6f;&#109; Site web: www.biodanza-lux.com Autres cours ouvert à [&hellip;]
