{"id":62009,"date":"2026-04-13T13:20:16","date_gmt":"2026-04-13T11:20:16","guid":{"rendered":"https:\/\/biodanza.be\/?post_type=events&#038;p=62009"},"modified":"2026-04-13T13:28:37","modified_gmt":"2026-04-13T11:28:37","slug":"vitalite-solaire-ma-creativite-en-lumiere","status":"publish","type":"events","link":"https:\/\/biodanza.be\/nl\/activite\/vitalite-solaire-ma-creativite-en-lumiere\/","title":{"rendered":"Vitalit\u00e9 Solaire, ma Cr\u00e9ativit\u00e9 en lumi\u00e8re Avec Emilie Buscema"},"content":{"rendered":"<em>Le soleil danse en moi et je le laisse rayonner.\u00a0<\/em>\r\n<em>Dans le regard des autres, j\u2019ose briller et\u00a0<\/em>\r\n<em>j&#8217;offre au monde la lumi\u00e8re unique que je suis<\/em>\r\n\r\n\ud83d\udc83Vivencia anim\u00e9e par Emilie Buscema\r\n\r\n\ud83d\udc9c\u00a0Accueil \u00e0 19h10 &#8211; Nous d\u00e9marrons \u00e0 19h30 pr\u00e9cise\r\n<p class=\"default\">\ud83d\udc9b\u00a0A la salle Eywa \u00e0 Baisy-Thy<\/p>\r\n<p class=\"default\">Covoiturage possible BW, Bxl, Namur, Charleroi\u2026<\/p>\r\n<p class=\"default\">\ud83d\udc99\u00a0PAF : 20\u20ac la soir\u00e9e ou abonnement hebdo chez G\u00e9raldine<\/p>\r\n<p class=\"default\">Soir\u00e9e ouverte \u00e0 tout.e.s personnes ayant d\u00e9j\u00e0 fait de la Biodanza.\r\n\u200bInscriptions indispensable chez G\u00e9raldine 0495.35.04.05<\/p>\r\nOrganisation Vivencia ASBL\r\nwww.vivremieux.org","protected":false},"excerpt":{"rendered":"Le soleil danse en moi et je le laisse rayonner.\u00a0\r\nDans le regard des autres, j\u2019ose briller et\u00a0\r\nj&#8217;offre au monde la lumi\u00e8re unique que je suis","protected":false},"author":9,"featured_media":62010,"menu_order":0,"comment_status":"closed","ping_status":"closed","template":"","calendar":[133],"organizer":[751],"province":[143],"ville":[495,687],"venue":[752],"class_list":["post-62009","events","type-events","status-publish","has-post-thumbnail","hentry","calendar-ponctuel","organizer-geraldine-abel","province-brabant-wallon","ville-baisy-thy","ville-genappe","venue-salle-eywa-geraldine-abel","entry","has-media"],"translation":{"provider":"WPGlobus","version":"3.0.2","language":"nl","enabled_languages":["fr","nl"],"languages":{"fr":{"title":true,"content":true,"excerpt":true},"nl":{"title":false,"content":false,"excerpt":false}}},"imc_loc":"","imc_img_tag":null,"_links":{"self":[{"href":"https:\/\/biodanza.be\/nl\/wp-json\/wp\/v2\/events\/62009","targetHints":{"allow":["GET"]}}],"collection":[{"href":"https:\/\/biodanza.be\/nl\/wp-json\/wp\/v2\/events"}],"about":[{"href":"https:\/\/biodanza.be\/nl\/wp-json\/wp\/v2\/types\/events"}],"author":[{"embeddable":true,"href":"https:\/\/biodanza.be\/nl\/wp-json\/wp\/v2\/users\/9"}],"replies":[{"embeddable":true,"href":"https:\/\/biodanza.be\/nl\/wp-json\/wp\/v2\/comments?post=62009"}],"version-history":[{"count":3,"href":"https:\/\/biodanza.be\/nl\/wp-json\/wp\/v2\/events\/62009\/revisions"}],"predecessor-version":[{"id":62012,"href":"https:\/\/biodanza.be\/nl\/wp-json\/wp\/v2\/events\/62009\/revisions\/62012"}],"wp:featuredmedia":[{"embeddable":true,"href":"https:\/\/biodanza.be\/nl\/wp-json\/wp\/v2\/media\/62010"}],"wp:attachment":[{"href":"https:\/\/biodanza.be\/nl\/wp-json\/wp\/v2\/media?parent=62009"}],"wp:term":[{"taxonomy":"calendar","embeddable":true,"href":"https:\/\/biodanza.be\/nl\/wp-json\/wp\/v2\/calendar?post=62009"},{"taxonomy":"organizer","embeddable":true,"href":"https:\/\/biodanza.be\/nl\/wp-json\/wp\/v2\/organizer?post=62009"},{"taxonomy":"province","embeddable":true,"href":"https:\/\/biodanza.be\/nl\/wp-json\/wp\/v2\/province?post=62009"},{"taxonomy":"ville","embeddable":true,"href":"https:\/\/biodanza.be\/nl\/wp-json\/wp\/v2\/ville?post=62009"},{"taxonomy":"venue","embeddable":true,"href":"https:\/\/biodanza.be\/nl\/wp-json\/wp\/v2\/venue?post=62009"}],"curies":[{"name":"wp","href":"https:\/\/api.w.org\/{rel}","templated":true}]}}

Vitalité Solaire, ma Créativité en lumière Avec Emilie Buscema

<em>Le soleil danse en moi et je le laisse rayonner. </em>
<em>Dans le regard des autres, j’ose briller et </em>
<em>j&#8217;offre au monde la lumière unique que je suis</em>

💃Vivencia animée par Emilie Buscema

💜 Accueil à 19h10 &#8211; Nous démarrons à 19h30 précise
<p class="default">💛 A la salle Eywa à Baisy-Thy</p>
<p class="default">Covoiturage possible BW, Bxl, Namur, Charleroi…</p>
<p class="default">💙 PAF : 20€ la soirée ou abonnement hebdo chez Géraldine</p>
<p class="default">Soirée ouverte à tout.e.s personnes ayant déjà fait de la Biodanza.
​Inscriptions indispensable chez Géraldine 0495.35.04.05</p>
Organisation Vivencia ASBL
www.vivremieux.org

Le soleil danse en moi et je le laisse rayonner. 
Dans le regard des autres, j’ose briller et 
j&#8217;offre au monde la lumière unique que je suis
